{"id":253456,"date":"2023-09-18T13:46:06","date_gmt":"2023-09-18T16:46:06","guid":{"rendered":"https:\/\/www.livrariarema.com.br\/loja\/produtos\/sem categoria\/box-este-mundo-tenebroso-frank-peretti-2\/"},"modified":"2026-03-16T15:20:19","modified_gmt":"2026-03-16T18:20:19","slug":"box-este-mundo-tenebroso-frank-peretti-2","status":"publish","type":"product","link":"https:\/\/www.livrariarema.com.br\/loja\/produtos\/livros\/ficcao\/box-este-mundo-tenebroso-frank-peretti-2\/","title":{"rendered":"Box Este Mundo Tenebroso &#8211; Frank Peretti"},"content":{"rendered":"<p>LIVRO 1<br \/>\nDesde Cartas de um diabo a seu aprendiz, de C. S. Lewis, Este mundo tenebroso: invadindo as trevas \u00e9 o livro mais fascinante a respeito da realidade da guerra espiritual j\u00e1 escrito. Frank Peretti lan\u00e7a um olhar agudo e mordaz sobre a guerra espiritual e a necessidade de ora\u00e7\u00e3o.<\/p>\n<p>Com seu estilo peculiar e cativante, o escritor prende a aten\u00e7\u00e3o dos leitores ao descortinar uma assombrosa realidade espiritual que muitos t\u00eam esquecido. Um cl\u00e1ssico no g\u00eanero de fic\u00e7\u00e3o que ao mesmo tempo envolve e encoraja. Uma obra de tirar o f\u00f4lego!<\/p>\n<p>LIVRO 2<br \/>\nEste mundo tenebroso 2: densas trevas conta a hist\u00f3ria de uma das maiores batalhas espirituais j\u00e1 travadas pelos anjos de Deus contra os principados e potestades deste mundo. O epis\u00f3dio tem seu in\u00edcio entre os habitantes da pequena cidade de Baskon, propagando-se em seguida por outros lugares.<\/p>\n<p>Esta tremenda batalha entre o reino da luz e o reino das trevas envolve uma jovem solit\u00e1ria e fracassada que subitamente se torna v\u00edtima de uma trama maligna que tem como objetivo assassin\u00e1-la. Numa sucess\u00e3o de a\u00e7\u00f5es emocionantes de tirar o f\u00f4lego dos leitores, as experi\u00eancias vividas pela jovem tra\u00e7am com perfei\u00e7\u00e3o um quadro real de nossa \u00e9poca, um reflexo dos nossos fracassos e uma viva proclama\u00e7\u00e3o do poder vitorioso e redentor da cruz.<\/p>\n","protected":false},"excerpt":{"rendered":"<p>LIVRO 1 Desde Cartas de um diabo a seu aprendiz, de C. S. Lewis, Este mundo tenebroso: invadindo as trevas&hellip;<\/p>\n","protected":false},"featured_media":345924,"comment_status":"open","ping_status":"closed","template":"","meta":[],"product_cat":[162,134],"product_tag":[],"_links":{"self":[{"href":"https:\/\/www.livrariarema.com.br\/loja\/wp-json\/wp\/v2\/product\/253456"}],"collection":[{"href":"https:\/\/www.livrariarema.com.br\/loja\/wp-json\/wp\/v2\/product"}],"about":[{"href":"https:\/\/www.livrariarema.com.br\/loja\/wp-json\/wp\/v2\/types\/product"}],"replies":[{"embeddable":true,"href":"https:\/\/www.livrariarema.com.br\/loja\/wp-json\/wp\/v2\/comments?post=253456"}],"wp:featuredmedia":[{"embeddable":true,"href":"https:\/\/www.livrariarema.com.br\/loja\/wp-json\/wp\/v2\/media\/345924"}],"wp:attachment":[{"href":"https:\/\/www.livrariarema.com.br\/loja\/wp-json\/wp\/v2\/media?parent=253456"}],"wp:term":[{"taxonomy":"product_cat","embeddable":true,"href":"https:\/\/www.livrariarema.com.br\/loja\/wp-json\/wp\/v2\/product_cat?post=253456"},{"taxonomy":"product_tag","embeddable":true,"href":"https:\/\/www.livrariarema.com.br\/loja\/wp-json\/wp\/v2\/product_tag?post=253456"}],"curies":[{"name":"wp","href":"https:\/\/api.w.org\/{rel}","templated":true}]}}