{"id":254582,"date":"2023-09-19T19:11:39","date_gmt":"2023-09-19T22:11:39","guid":{"rendered":"https:\/\/www.livrariarema.com.br\/loja\/produtos\/sem categoria\/spurgeon-estudos-biblicos-para-adolescentes-e-jovens-marrom\/"},"modified":"2026-01-21T12:10:43","modified_gmt":"2026-01-21T15:10:43","slug":"spurgeon-estudos-biblicos-para-adolescentes-e-jovens-marrom","status":"publish","type":"product","link":"https:\/\/www.livrariarema.com.br\/loja\/produtos\/livros\/juvenil\/spurgeon-estudos-biblicos-para-adolescentes-e-jovens-marrom\/","title":{"rendered":"Spurgeon &#8211; Estudos B\u00edblicos Para Adolescentes E Jovens &#8211; Marrom"},"content":{"rendered":"<p>Estudos b\u00edblicos para adolescentes e jovens foi totalmente pensado para trazer maior proximidade entre os jovens dessa faixa et\u00e1ria e Deus. As 52 medita\u00e7\u00f5es selecionadas, uma para cada semana do ano, dividem-se em seis temas bastante atuais e importantes nesta fase da vida: Meu relacionamento com Deus, Meus relacionamentos interpessoais, Lutando contra a tenta\u00e7\u00e3o, Desejando a pureza crist\u00e3, Lidando com a vida como ela \u00e9 e Vencendo a ansiedade.<br \/>\nO texto \u00e9 acompanhado por bel\u00edssimas ilustra\u00e7\u00f5es originais, criadas especialmente para esta edi\u00e7\u00e3o. Cada medita\u00e7\u00e3o tem se\u00e7\u00f5es diferentes que, se seguidas passo a passo, v\u00e3o ampliar a experi\u00eancia da reflex\u00e3o b\u00edblica e aprendizagem. S\u00e3o elas:<br \/>\n&#8211; Leitura b\u00edblica;<br \/>\n&#8211; Para voc\u00ea entender;<br \/>\n&#8211; Perguntas para reflex\u00e3o;<br \/>\n&#8211; Medita\u00e7\u00e3o de Spurgeon acompanhada de uma ora\u00e7\u00e3o;<br \/>\n&#8211; Desafio da semana;<br \/>\n&#8211; B\u00f4nus: QR Codes que sugerem v\u00eddeos, leituras, filmes, m\u00fasicas, aplicativos e p\u00e1ginas nas redes sociais, que ajudar\u00e3o na complementa\u00e7\u00e3o do estudo.<\/p>\n","protected":false},"excerpt":{"rendered":"<p>Estudos b\u00edblicos para adolescentes e jovens foi totalmente pensado para trazer maior proximidade entre os jovens dessa faixa et\u00e1ria e&hellip;<\/p>\n","protected":false},"featured_media":338603,"comment_status":"open","ping_status":"closed","template":"","meta":[],"product_cat":[184,134],"product_tag":[],"_links":{"self":[{"href":"https:\/\/www.livrariarema.com.br\/loja\/wp-json\/wp\/v2\/product\/254582"}],"collection":[{"href":"https:\/\/www.livrariarema.com.br\/loja\/wp-json\/wp\/v2\/product"}],"about":[{"href":"https:\/\/www.livrariarema.com.br\/loja\/wp-json\/wp\/v2\/types\/product"}],"replies":[{"embeddable":true,"href":"https:\/\/www.livrariarema.com.br\/loja\/wp-json\/wp\/v2\/comments?post=254582"}],"wp:featuredmedia":[{"embeddable":true,"href":"https:\/\/www.livrariarema.com.br\/loja\/wp-json\/wp\/v2\/media\/338603"}],"wp:attachment":[{"href":"https:\/\/www.livrariarema.com.br\/loja\/wp-json\/wp\/v2\/media?parent=254582"}],"wp:term":[{"taxonomy":"product_cat","embeddable":true,"href":"https:\/\/www.livrariarema.com.br\/loja\/wp-json\/wp\/v2\/product_cat?post=254582"},{"taxonomy":"product_tag","embeddable":true,"href":"https:\/\/www.livrariarema.com.br\/loja\/wp-json\/wp\/v2\/product_tag?post=254582"}],"curies":[{"name":"wp","href":"https:\/\/api.w.org\/{rel}","templated":true}]}}