{"id":254602,"date":"2023-09-19T19:12:51","date_gmt":"2023-09-19T22:12:51","guid":{"rendered":"https:\/\/www.livrariarema.com.br\/loja\/produtos\/sem categoria\/manual-do-capelao-teoria-e-pratica-gisleno-gomes-de-farias-alves\/"},"modified":"2024-12-11T14:40:17","modified_gmt":"2024-12-11T17:40:17","slug":"manual-do-capelao-teoria-e-pratica-gisleno-gomes-de-farias-alves","status":"publish","type":"product","link":"https:\/\/www.livrariarema.com.br\/loja\/produtos\/livros\/ministerio\/manual-do-capelao-teoria-e-pratica-gisleno-gomes-de-farias-alves\/","title":{"rendered":"Manual Do Capel\u00e3o &#8211; Teoria E Pr\u00e1tica &#8211; Gisleno Gomes De Farias Alves"},"content":{"rendered":"<p>O Manual do capel\u00e3o &#8211; teoria e pr\u00e1tica traz subs\u00eddios bem fundamentados, \u00e0 luz<br \/>\ndos diversos aspectos que integram a assist\u00eancia espiritual. Destina-se aos que<br \/>\ntrabalham em institui\u00e7\u00f5es militares e de seguran\u00e7a p\u00fablica, hospitais, escolas, pres\u00eddios, empresas, entidades esportivas, entre outras. Os temas s\u00e3o tratados a partir perspectiva da capelania militar, por\u00e9m permitindo a aplica\u00e7\u00e3o do conte\u00fado em todas as \u00e1reas.<br \/>\nEsta obra est\u00e1 organizada em dois eixos de reflex\u00e3o sobre a capelania:<br \/>\n&#8211; Os fundamentos: b\u00edblico-teol\u00f3gico, hist\u00f3rico, jur\u00eddico, cient\u00edfico e estrat\u00e9gico.<br \/>\n&#8211; A pr\u00e1tica: \u00e1reas de atua\u00e7\u00e3o, perfil do capel\u00e3o, a\u00e7\u00e3o e intera\u00e7\u00e3o, projetos bem-<br \/>\n-sucedidos e relatos de experi\u00eancias.<\/p>\n","protected":false},"excerpt":{"rendered":"<p>O Manual do capel\u00e3o &#8211; teoria e pr\u00e1tica traz subs\u00eddios bem fundamentados, \u00e0 luz dos diversos aspectos que integram a&hellip;<\/p>\n","protected":false},"featured_media":307996,"comment_status":"open","ping_status":"closed","template":"","meta":[],"product_cat":[134,148],"product_tag":[],"_links":{"self":[{"href":"https:\/\/www.livrariarema.com.br\/loja\/wp-json\/wp\/v2\/product\/254602"}],"collection":[{"href":"https:\/\/www.livrariarema.com.br\/loja\/wp-json\/wp\/v2\/product"}],"about":[{"href":"https:\/\/www.livrariarema.com.br\/loja\/wp-json\/wp\/v2\/types\/product"}],"replies":[{"embeddable":true,"href":"https:\/\/www.livrariarema.com.br\/loja\/wp-json\/wp\/v2\/comments?post=254602"}],"wp:featuredmedia":[{"embeddable":true,"href":"https:\/\/www.livrariarema.com.br\/loja\/wp-json\/wp\/v2\/media\/307996"}],"wp:attachment":[{"href":"https:\/\/www.livrariarema.com.br\/loja\/wp-json\/wp\/v2\/media?parent=254602"}],"wp:term":[{"taxonomy":"product_cat","embeddable":true,"href":"https:\/\/www.livrariarema.com.br\/loja\/wp-json\/wp\/v2\/product_cat?post=254602"},{"taxonomy":"product_tag","embeddable":true,"href":"https:\/\/www.livrariarema.com.br\/loja\/wp-json\/wp\/v2\/product_tag?post=254602"}],"curies":[{"name":"wp","href":"https:\/\/api.w.org\/{rel}","templated":true}]}}

Manual Do Capelão &#8211; Teoria E Prática &#8211; Gisleno Gomes De Farias Alves

<p>O Manual do capelão &#8211; teoria e prática traz subsídios bem fundamentados, à luz<br />
dos diversos aspectos que integram a assistência espiritual. Destina-se aos que<br />
trabalham em instituições militares e de segurança pública, hospitais, escolas, presídios, empresas, entidades esportivas, entre outras. Os temas são tratados a partir perspectiva da capelania militar, porém permitindo a aplicação do conteúdo em todas as áreas.<br />
Esta obra está organizada em dois eixos de reflexão sobre a capelania:<br />
&#8211; Os fundamentos: bíblico-teológico, histórico, jurídico, científico e estratégico.<br />
&#8211; A prática: áreas de atuação, perfil do capelão, ação e interação, projetos bem-<br />
-sucedidos e relatos de experiências.</p>

<p>O Manual do capelão &#8211; teoria e prática traz subsídios bem fundamentados, à luz dos diversos aspectos que integram a&hellip;</p>
