{"id":255311,"date":"2023-09-23T10:32:47","date_gmt":"2023-09-23T13:32:47","guid":{"rendered":"https:\/\/www.livrariarema.com.br\/loja\/produtos\/sem categoria\/ainda-lado-a-lado-uma-explicacao-concisa-da-igualdade-biblica-janet-george\/"},"modified":"2026-02-24T17:24:18","modified_gmt":"2026-02-24T20:24:18","slug":"ainda-lado-a-lado-uma-explicacao-concisa-da-igualdade-biblica-janet-george","status":"publish","type":"product","link":"https:\/\/www.livrariarema.com.br\/loja\/produtos\/promocao\/livros-promocao\/ainda-lado-a-lado-uma-explicacao-concisa-da-igualdade-biblica-janet-george\/","title":{"rendered":"Ainda Lado A Lado &#8211; Uma Explica\u00e7\u00e3o Concisa Da Igualdade B\u00edblica &#8211; Janet George"},"content":{"rendered":"<p>A B\u00edblia diz que as mulheres devem se limitar a serem auxiliadoras dos homens? As Escrituras pro\u00edbem uma mulher de ensinar outros homens? Por que Jesus n\u00e3o escolheu nenhuma disc\u00edpula?<\/p>\n<p>Janet George responde a essas e v\u00e1rias outras perguntas nesta introdu\u00e7\u00e3o acerca da mutualidade de g\u00eaneros \u00e0 luz da B\u00edblia. Os cap\u00edtulos s\u00e3o introduzidos com uma pergunta e uma breve resposta, seguida de uma explica\u00e7\u00e3o mais detalhada sobre temas que v\u00e3o desde a Cria\u00e7\u00e3o at\u00e9 quest\u00f5es descritas no Novo Testamento envolvendo a igreja primitiva. Ainda lado a lado \u00e9 um recurso valioso para indiv\u00edduos ou grupos em busca de respostas b\u00edblicas sobre como as mulheres podem cumprir seu chamado na igreja e na sociedade.<\/p>\n","protected":false},"excerpt":{"rendered":"<p>A B\u00edblia diz que as mulheres devem se limitar a serem auxiliadoras dos homens? As Escrituras pro\u00edbem uma mulher de&hellip;<\/p>\n","protected":false},"featured_media":345412,"comment_status":"open","ping_status":"closed","template":"","meta":[],"product_cat":[143,142],"product_tag":[],"_links":{"self":[{"href":"https:\/\/www.livrariarema.com.br\/loja\/wp-json\/wp\/v2\/product\/255311"}],"collection":[{"href":"https:\/\/www.livrariarema.com.br\/loja\/wp-json\/wp\/v2\/product"}],"about":[{"href":"https:\/\/www.livrariarema.com.br\/loja\/wp-json\/wp\/v2\/types\/product"}],"replies":[{"embeddable":true,"href":"https:\/\/www.livrariarema.com.br\/loja\/wp-json\/wp\/v2\/comments?post=255311"}],"wp:featuredmedia":[{"embeddable":true,"href":"https:\/\/www.livrariarema.com.br\/loja\/wp-json\/wp\/v2\/media\/345412"}],"wp:attachment":[{"href":"https:\/\/www.livrariarema.com.br\/loja\/wp-json\/wp\/v2\/media?parent=255311"}],"wp:term":[{"taxonomy":"product_cat","embeddable":true,"href":"https:\/\/www.livrariarema.com.br\/loja\/wp-json\/wp\/v2\/product_cat?post=255311"},{"taxonomy":"product_tag","embeddable":true,"href":"https:\/\/www.livrariarema.com.br\/loja\/wp-json\/wp\/v2\/product_tag?post=255311"}],"curies":[{"name":"wp","href":"https:\/\/api.w.org\/{rel}","templated":true}]}}