{"id":256653,"date":"2023-09-28T17:10:03","date_gmt":"2023-09-28T20:10:03","guid":{"rendered":"https:\/\/www.livrariarema.com.br\/loja\/produtos\/sem categoria\/washi-tape-brw-neon-com-4-unidades\/"},"modified":"2026-01-19T18:30:56","modified_gmt":"2026-01-19T21:30:56","slug":"washi-tape-brw-neon-com-4-unidades","status":"publish","type":"product","link":"https:\/\/www.livrariarema.com.br\/loja\/produtos\/promocao\/papelaria-promocao\/washi-tape-brw-neon-com-4-unidades\/","title":{"rendered":"Washi Tape &#8211; Brw &#8211; Neon &#8211; Com 4 Unidades"},"content":{"rendered":"<p>As Fitas Washi Tapes Neon BRW s\u00e3o adesivos suaves que proporcionam a colagem em diversas superf\u00edcies lisas, tal como em cadernos, madeiras, vidros e paredes. S\u00e3o perfeitas para trazer muita cor e personaliza\u00e7\u00e3o em objetos, bullet journals, planners, cart\u00f5es de presente, artesanatos, embalagens e muito mais! <br \/>\nOs variados tons dispon\u00edveis permitem fazer sobreposi\u00e7\u00f5es incr\u00edveis que podem ser usadas para organizar os estudos, decorar itens e colar em scrapbooks. Al\u00e9m disso, sua cola \u00e9 de alt\u00edssima qualidade e n\u00e3o deixa res\u00edduos ou danifica as superf\u00edcies ao ser retirada.<br \/>\nO kit cont\u00e9m duas fitas de diferentes tamanhos com cores bem vibrantes e chamativas!<\/p>\n","protected":false},"excerpt":{"rendered":"<p>As Fitas Washi Tapes Neon BRW s\u00e3o adesivos suaves que proporcionam a colagem em diversas superf\u00edcies lisas, tal como em&hellip;<\/p>\n","protected":false},"featured_media":342881,"comment_status":"open","ping_status":"closed","template":"","meta":[],"product_cat":[307,142],"product_tag":[],"_links":{"self":[{"href":"https:\/\/www.livrariarema.com.br\/loja\/wp-json\/wp\/v2\/product\/256653"}],"collection":[{"href":"https:\/\/www.livrariarema.com.br\/loja\/wp-json\/wp\/v2\/product"}],"about":[{"href":"https:\/\/www.livrariarema.com.br\/loja\/wp-json\/wp\/v2\/types\/product"}],"replies":[{"embeddable":true,"href":"https:\/\/www.livrariarema.com.br\/loja\/wp-json\/wp\/v2\/comments?post=256653"}],"wp:featuredmedia":[{"embeddable":true,"href":"https:\/\/www.livrariarema.com.br\/loja\/wp-json\/wp\/v2\/media\/342881"}],"wp:attachment":[{"href":"https:\/\/www.livrariarema.com.br\/loja\/wp-json\/wp\/v2\/media?parent=256653"}],"wp:term":[{"taxonomy":"product_cat","embeddable":true,"href":"https:\/\/www.livrariarema.com.br\/loja\/wp-json\/wp\/v2\/product_cat?post=256653"},{"taxonomy":"product_tag","embeddable":true,"href":"https:\/\/www.livrariarema.com.br\/loja\/wp-json\/wp\/v2\/product_tag?post=256653"}],"curies":[{"name":"wp","href":"https:\/\/api.w.org\/{rel}","templated":true}]}}