{"id":256893,"date":"2023-10-02T17:29:51","date_gmt":"2023-10-02T20:29:51","guid":{"rendered":"https:\/\/www.livrariarema.com.br\/loja\/produtos\/sem categoria\/biblia-para-meninas-2\/"},"modified":"2026-02-18T14:51:00","modified_gmt":"2026-02-18T17:51:00","slug":"biblia-para-meninas-2","status":"publish","type":"product","link":"https:\/\/www.livrariarema.com.br\/loja\/produtos\/livros\/infantil\/biblia-para-meninas-2\/","title":{"rendered":"B\u00edblia Para Meninas"},"content":{"rendered":"<p>A B\u00edblia para Meninas apresenta essas bel\u00edssimas hist\u00f3rias das sagradas escrituras que, com textos simples e lindas ilustra\u00e7\u00f5es, despertam a f\u00e9 e o amor a Deus nas crian\u00e7as.<\/p>\n","protected":false},"excerpt":{"rendered":"<p>A B\u00edblia para Meninas apresenta essas bel\u00edssimas hist\u00f3rias das sagradas escrituras que, com textos simples e lindas ilustra\u00e7\u00f5es, despertam a&hellip;<\/p>\n","protected":false},"featured_media":344366,"comment_status":"open","ping_status":"closed","template":"","meta":[],"product_cat":[144,134],"product_tag":[],"_links":{"self":[{"href":"https:\/\/www.livrariarema.com.br\/loja\/wp-json\/wp\/v2\/product\/256893"}],"collection":[{"href":"https:\/\/www.livrariarema.com.br\/loja\/wp-json\/wp\/v2\/product"}],"about":[{"href":"https:\/\/www.livrariarema.com.br\/loja\/wp-json\/wp\/v2\/types\/product"}],"replies":[{"embeddable":true,"href":"https:\/\/www.livrariarema.com.br\/loja\/wp-json\/wp\/v2\/comments?post=256893"}],"wp:featuredmedia":[{"embeddable":true,"href":"https:\/\/www.livrariarema.com.br\/loja\/wp-json\/wp\/v2\/media\/344366"}],"wp:attachment":[{"href":"https:\/\/www.livrariarema.com.br\/loja\/wp-json\/wp\/v2\/media?parent=256893"}],"wp:term":[{"taxonomy":"product_cat","embeddable":true,"href":"https:\/\/www.livrariarema.com.br\/loja\/wp-json\/wp\/v2\/product_cat?post=256893"},{"taxonomy":"product_tag","embeddable":true,"href":"https:\/\/www.livrariarema.com.br\/loja\/wp-json\/wp\/v2\/product_tag?post=256893"}],"curies":[{"name":"wp","href":"https:\/\/api.w.org\/{rel}","templated":true}]}}