{"id":257280,"date":"2023-10-02T18:07:51","date_gmt":"2023-10-02T21:07:51","guid":{"rendered":"https:\/\/www.livrariarema.com.br\/loja\/produtos\/sem categoria\/meu-livro-fofinho-minha-primeira-biblia\/"},"modified":"2026-04-02T12:10:44","modified_gmt":"2026-04-02T15:10:44","slug":"meu-livro-fofinho-minha-primeira-biblia","status":"publish","type":"product","link":"https:\/\/www.livrariarema.com.br\/loja\/produtos\/livros\/infantil\/meu-livro-fofinho-minha-primeira-biblia\/","title":{"rendered":"Meu Livro Fofinho: Minha Primeira B\u00edblia"},"content":{"rendered":"<p>Este livrinho, delicadamente ilustrado, apresenta a B\u00edblia sob um olhar diferente: emocionante e divertido, como s\u00f3 a crian\u00e7a pode ver.<\/p>\n","protected":false},"excerpt":{"rendered":"<p>Este livrinho, delicadamente ilustrado, apresenta a B\u00edblia sob um olhar diferente: emocionante e divertido, como s\u00f3 a crian\u00e7a pode ver.<\/p>\n","protected":false},"featured_media":344232,"comment_status":"open","ping_status":"closed","template":"","meta":[],"product_cat":[144,134],"product_tag":[],"_links":{"self":[{"href":"https:\/\/www.livrariarema.com.br\/loja\/wp-json\/wp\/v2\/product\/257280"}],"collection":[{"href":"https:\/\/www.livrariarema.com.br\/loja\/wp-json\/wp\/v2\/product"}],"about":[{"href":"https:\/\/www.livrariarema.com.br\/loja\/wp-json\/wp\/v2\/types\/product"}],"replies":[{"embeddable":true,"href":"https:\/\/www.livrariarema.com.br\/loja\/wp-json\/wp\/v2\/comments?post=257280"}],"wp:featuredmedia":[{"embeddable":true,"href":"https:\/\/www.livrariarema.com.br\/loja\/wp-json\/wp\/v2\/media\/344232"}],"wp:attachment":[{"href":"https:\/\/www.livrariarema.com.br\/loja\/wp-json\/wp\/v2\/media?parent=257280"}],"wp:term":[{"taxonomy":"product_cat","embeddable":true,"href":"https:\/\/www.livrariarema.com.br\/loja\/wp-json\/wp\/v2\/product_cat?post=257280"},{"taxonomy":"product_tag","embeddable":true,"href":"https:\/\/www.livrariarema.com.br\/loja\/wp-json\/wp\/v2\/product_tag?post=257280"}],"curies":[{"name":"wp","href":"https:\/\/api.w.org\/{rel}","templated":true}]}}