{"id":257682,"date":"2023-10-04T11:59:45","date_gmt":"2023-10-04T14:59:45","guid":{"rendered":"https:\/\/www.livrariarema.com.br\/loja\/produtos\/sem categoria\/o-principe-jonatas-francine-rivers\/"},"modified":"2025-08-20T13:16:43","modified_gmt":"2025-08-20T16:16:43","slug":"o-principe-jonatas-francine-rivers","status":"publish","type":"product","link":"https:\/\/www.livrariarema.com.br\/loja\/produtos\/livros\/romance\/o-principe-jonatas-francine-rivers\/","title":{"rendered":"O Pr\u00edncipe: J\u00f4natas &#8211; Francine Rivers"},"content":{"rendered":"<p>Em O Pr\u00edncipe, Francine Rivers ilumina a vida de J\u00f4natas, o filho do rei de Israel que se tornou verdadeiro amigo daquele que se tornaria rei em seu lugar, Davi, um homem segundo o cora\u00e7\u00e3o de Deus. No entanto, foram a coragem e o altru\u00edsmo do pr\u00edncipe que abriram as portas para o reinado de Davi. Este \u00e9 o terceiro livro da s\u00e9rie Filhos da Coragem. S\u00e3o as hist\u00f3rias dos cinco homens que apoiaram os grandes her\u00f3is da f\u00e9.<\/p>\n","protected":false},"excerpt":{"rendered":"<p>Em O Pr\u00edncipe, Francine Rivers ilumina a vida de J\u00f4natas, o filho do rei de Israel que se tornou verdadeiro&hellip;<\/p>\n","protected":false},"featured_media":335686,"comment_status":"open","ping_status":"closed","template":"","meta":[],"product_cat":[134,182],"product_tag":[],"_links":{"self":[{"href":"https:\/\/www.livrariarema.com.br\/loja\/wp-json\/wp\/v2\/product\/257682"}],"collection":[{"href":"https:\/\/www.livrariarema.com.br\/loja\/wp-json\/wp\/v2\/product"}],"about":[{"href":"https:\/\/www.livrariarema.com.br\/loja\/wp-json\/wp\/v2\/types\/product"}],"replies":[{"embeddable":true,"href":"https:\/\/www.livrariarema.com.br\/loja\/wp-json\/wp\/v2\/comments?post=257682"}],"wp:featuredmedia":[{"embeddable":true,"href":"https:\/\/www.livrariarema.com.br\/loja\/wp-json\/wp\/v2\/media\/335686"}],"wp:attachment":[{"href":"https:\/\/www.livrariarema.com.br\/loja\/wp-json\/wp\/v2\/media?parent=257682"}],"wp:term":[{"taxonomy":"product_cat","embeddable":true,"href":"https:\/\/www.livrariarema.com.br\/loja\/wp-json\/wp\/v2\/product_cat?post=257682"},{"taxonomy":"product_tag","embeddable":true,"href":"https:\/\/www.livrariarema.com.br\/loja\/wp-json\/wp\/v2\/product_tag?post=257682"}],"curies":[{"name":"wp","href":"https:\/\/api.w.org\/{rel}","templated":true}]}}