{"id":260310,"date":"2023-10-18T17:43:02","date_gmt":"2023-10-18T20:43:02","guid":{"rendered":"https:\/\/www.livrariarema.com.br\/loja\/produtos\/sem categoria\/sombras-de-cristo-o-uso-do-antigo-testamento-em-hebreus-tiago-oliveira\/"},"modified":"2026-03-16T13:27:39","modified_gmt":"2026-03-16T16:27:39","slug":"sombras-de-cristo-o-uso-do-antigo-testamento-em-hebreus-tiago-oliveira","status":"publish","type":"product","link":"https:\/\/www.livrariarema.com.br\/loja\/produtos\/livros\/estudo-biblico\/sombras-de-cristo-o-uso-do-antigo-testamento-em-hebreus-tiago-oliveira\/","title":{"rendered":"Sombras De Cristo: O Uso Do Antigo Testamento Em Hebreus &#8211; Tiago Oliveira"},"content":{"rendered":"<p>A INTERPRETA\u00c7\u00c3O B\u00cdBLICA DOS ESCRITORES DO NOVO TESTAMENTO \u00c9 CONFI\u00c1VEL?<\/p>\n<p>Vivemos dias em que a doutrina hist\u00f3rica da inerr\u00e2ncia da Palavra de Deus tem sido questionada at\u00e9 mesmo dentro de certos c\u00edrculos evang\u00e9licos. Uma das principais evid\u00eancias de que a B\u00edblia n\u00e3o \u00e9 inerrante seria a interpreta\u00e7\u00e3o supostamente descontextualizada e equivocada que os autores do Novo Testamento fazem do Antigo Testamento. <br \/>\nSer\u00e1 que, de fato, a interpreta\u00e7\u00e3o das antigas Escrituras de Israel por parte dos primeiros crist\u00e3os &#8211; em especial, por parte do autor de Hebreus &#8211; estava t\u00e3o distante da inten\u00e7\u00e3o original, que n\u00e3o podemos imit\u00e1-la? Descubra neste livro que os escritores do Novo Testamento n\u00e3o s\u00e3o modelos para n\u00f3s apenas na teologia, mas tamb\u00e9m na exegese.<\/p>\n","protected":false},"excerpt":{"rendered":"<p>A INTERPRETA\u00c7\u00c3O B\u00cdBLICA DOS ESCRITORES DO NOVO TESTAMENTO \u00c9 CONFI\u00c1VEL? Vivemos dias em que a doutrina hist\u00f3rica da inerr\u00e2ncia da&hellip;<\/p>\n","protected":false},"featured_media":346298,"comment_status":"open","ping_status":"closed","template":"","meta":[],"product_cat":[161,134],"product_tag":[],"_links":{"self":[{"href":"https:\/\/www.livrariarema.com.br\/loja\/wp-json\/wp\/v2\/product\/260310"}],"collection":[{"href":"https:\/\/www.livrariarema.com.br\/loja\/wp-json\/wp\/v2\/product"}],"about":[{"href":"https:\/\/www.livrariarema.com.br\/loja\/wp-json\/wp\/v2\/types\/product"}],"replies":[{"embeddable":true,"href":"https:\/\/www.livrariarema.com.br\/loja\/wp-json\/wp\/v2\/comments?post=260310"}],"wp:featuredmedia":[{"embeddable":true,"href":"https:\/\/www.livrariarema.com.br\/loja\/wp-json\/wp\/v2\/media\/346298"}],"wp:attachment":[{"href":"https:\/\/www.livrariarema.com.br\/loja\/wp-json\/wp\/v2\/media?parent=260310"}],"wp:term":[{"taxonomy":"product_cat","embeddable":true,"href":"https:\/\/www.livrariarema.com.br\/loja\/wp-json\/wp\/v2\/product_cat?post=260310"},{"taxonomy":"product_tag","embeddable":true,"href":"https:\/\/www.livrariarema.com.br\/loja\/wp-json\/wp\/v2\/product_tag?post=260310"}],"curies":[{"name":"wp","href":"https:\/\/api.w.org\/{rel}","templated":true}]}}