{"id":261754,"date":"2023-10-26T12:21:07","date_gmt":"2023-10-26T15:21:07","guid":{"rendered":"https:\/\/www.livrariarema.com.br\/loja\/produtos\/sem%20categoria\/foragidos-do-tempo-o-ultimo-dos-meninos-perdidos-n-d-wilson\/"},"modified":"2026-01-28T14:58:52","modified_gmt":"2026-01-28T17:58:52","slug":"foragidos-do-tempo-o-ultimo-dos-meninos-perdidos-n-d-wilson","status":"publish","type":"product","link":"https:\/\/www.livrariarema.com.br\/loja\/produtos\/livros\/ficcao\/foragidos-do-tempo-o-ultimo-dos-meninos-perdidos-n-d-wilson\/","title":{"rendered":"Foragidos Do Tempo 3 &#8211; O \u00daltimo Dos Meninos Perdidos &#8211; N. D. Wilson"},"content":{"rendered":"<p>Comparando com as grandes aventuras que lia nos livros, Alex sempre achou que sua vida era, no m\u00ednimo, entediante. Quando ele descobre que seus maiores her\u00f3is, os viajantes do tempo Samuca e Gl\u00f3ria, s\u00e3o seus pais biol\u00f3gicos, Alex decide viver sua pr\u00f3pria aventura. Mas, os portais do futuro e passado est\u00e3o cheios de perigos. Quando Alex embarca em uma jornada para encontrar Padre Tiempo, ele cai em uma emboscada armada pela mentora de Abutre, o maior inimigo de seu pai, e \u00e9 transformado no poderoso vil\u00e3o El Terremoto. Para impedir o filho &#8211; que n\u00e3o sabiam que teriam &#8211; de destruir o mundo, Samuca e Gl\u00f3ria dos Milagres precisam correr contra o tempo. Caso contr\u00e1rio, a hist\u00f3ria ser\u00e1 mudada para sempre.<\/p>\n","protected":false},"excerpt":{"rendered":"<p>Comparando com as grandes aventuras que lia nos livros, Alex sempre achou que sua vida era, no m\u00ednimo, entediante. Quando&hellip;<\/p>\n","protected":false},"featured_media":343376,"comment_status":"open","ping_status":"closed","template":"","meta":[],"product_cat":[162,134],"product_tag":[],"_links":{"self":[{"href":"https:\/\/www.livrariarema.com.br\/loja\/wp-json\/wp\/v2\/product\/261754"}],"collection":[{"href":"https:\/\/www.livrariarema.com.br\/loja\/wp-json\/wp\/v2\/product"}],"about":[{"href":"https:\/\/www.livrariarema.com.br\/loja\/wp-json\/wp\/v2\/types\/product"}],"replies":[{"embeddable":true,"href":"https:\/\/www.livrariarema.com.br\/loja\/wp-json\/wp\/v2\/comments?post=261754"}],"wp:featuredmedia":[{"embeddable":true,"href":"https:\/\/www.livrariarema.com.br\/loja\/wp-json\/wp\/v2\/media\/343376"}],"wp:attachment":[{"href":"https:\/\/www.livrariarema.com.br\/loja\/wp-json\/wp\/v2\/media?parent=261754"}],"wp:term":[{"taxonomy":"product_cat","embeddable":true,"href":"https:\/\/www.livrariarema.com.br\/loja\/wp-json\/wp\/v2\/product_cat?post=261754"},{"taxonomy":"product_tag","embeddable":true,"href":"https:\/\/www.livrariarema.com.br\/loja\/wp-json\/wp\/v2\/product_tag?post=261754"}],"curies":[{"name":"wp","href":"https:\/\/api.w.org\/{rel}","templated":true}]}}