{"id":262755,"date":"2023-11-01T12:56:42","date_gmt":"2023-11-01T15:56:42","guid":{"rendered":"https:\/\/www.livrariarema.com.br\/loja\/produtos\/sem categoria\/caderno-brochura-96-folhas-1-4-d-laranja\/"},"modified":"2026-04-23T10:42:11","modified_gmt":"2026-04-23T13:42:11","slug":"caderno-brochura-96-folhas-1-4-d-laranja","status":"publish","type":"product","link":"https:\/\/www.livrariarema.com.br\/loja\/produtos\/papelaria\/caderno\/caderno-brochura-96-folhas-1-4-d-laranja\/","title":{"rendered":"Caderno Brochura 96 Folhas &#8211; 1\/4 &#8211; D+ Laranja"},"content":{"rendered":"<p>O Caderno Brochura Capa Dura 1\/4 D+ Laranja 96 Folhas possui capa dura, \u00e1rea para identifica\u00e7\u00e3o e folhas pautadas. Ideal para o dia a dia na escola.<\/p>\n","protected":false},"excerpt":{"rendered":"<p>O Caderno Brochura Capa Dura 1\/4 D+ Laranja 96 Folhas possui capa dura, \u00e1rea para identifica\u00e7\u00e3o e folhas pautadas. Ideal&hellip;<\/p>\n","protected":false},"featured_media":327228,"comment_status":"open","ping_status":"closed","template":"","meta":[],"product_cat":[230,215],"product_tag":[],"_links":{"self":[{"href":"https:\/\/www.livrariarema.com.br\/loja\/wp-json\/wp\/v2\/product\/262755"}],"collection":[{"href":"https:\/\/www.livrariarema.com.br\/loja\/wp-json\/wp\/v2\/product"}],"about":[{"href":"https:\/\/www.livrariarema.com.br\/loja\/wp-json\/wp\/v2\/types\/product"}],"replies":[{"embeddable":true,"href":"https:\/\/www.livrariarema.com.br\/loja\/wp-json\/wp\/v2\/comments?post=262755"}],"wp:featuredmedia":[{"embeddable":true,"href":"https:\/\/www.livrariarema.com.br\/loja\/wp-json\/wp\/v2\/media\/327228"}],"wp:attachment":[{"href":"https:\/\/www.livrariarema.com.br\/loja\/wp-json\/wp\/v2\/media?parent=262755"}],"wp:term":[{"taxonomy":"product_cat","embeddable":true,"href":"https:\/\/www.livrariarema.com.br\/loja\/wp-json\/wp\/v2\/product_cat?post=262755"},{"taxonomy":"product_tag","embeddable":true,"href":"https:\/\/www.livrariarema.com.br\/loja\/wp-json\/wp\/v2\/product_tag?post=262755"}],"curies":[{"name":"wp","href":"https:\/\/api.w.org\/{rel}","templated":true}]}}