{"id":262758,"date":"2023-11-01T12:56:53","date_gmt":"2023-11-01T15:56:53","guid":{"rendered":"https:\/\/www.livrariarema.com.br\/loja\/produtos\/sem categoria\/caderno-brochura-96-folhas-1-4-d-roxo\/"},"modified":"2025-10-11T10:04:12","modified_gmt":"2025-10-11T13:04:12","slug":"caderno-brochura-96-folhas-1-4-d-roxo","status":"publish","type":"product","link":"https:\/\/www.livrariarema.com.br\/loja\/produtos\/papelaria\/caderno\/caderno-brochura-96-folhas-1-4-d-roxo\/","title":{"rendered":"Caderno Brochura 96 Folhas &#8211; 1\/4 &#8211; D+ Roxo"},"content":{"rendered":"<p>O Caderno Brochura Capa Dura 1\/4 D+ Roxo 96 Folhas possui capa dura, \u00e1rea para identifica\u00e7\u00e3o e folhas pautadas. Ideal para o dia a dia na escola.<\/p>\n","protected":false},"excerpt":{"rendered":"<p>O Caderno Brochura Capa Dura 1\/4 D+ Roxo 96 Folhas possui capa dura, \u00e1rea para identifica\u00e7\u00e3o e folhas pautadas. Ideal&hellip;<\/p>\n","protected":false},"featured_media":327230,"comment_status":"open","ping_status":"closed","template":"","meta":[],"product_cat":[230,215],"product_tag":[],"_links":{"self":[{"href":"https:\/\/www.livrariarema.com.br\/loja\/wp-json\/wp\/v2\/product\/262758"}],"collection":[{"href":"https:\/\/www.livrariarema.com.br\/loja\/wp-json\/wp\/v2\/product"}],"about":[{"href":"https:\/\/www.livrariarema.com.br\/loja\/wp-json\/wp\/v2\/types\/product"}],"replies":[{"embeddable":true,"href":"https:\/\/www.livrariarema.com.br\/loja\/wp-json\/wp\/v2\/comments?post=262758"}],"wp:featuredmedia":[{"embeddable":true,"href":"https:\/\/www.livrariarema.com.br\/loja\/wp-json\/wp\/v2\/media\/327230"}],"wp:attachment":[{"href":"https:\/\/www.livrariarema.com.br\/loja\/wp-json\/wp\/v2\/media?parent=262758"}],"wp:term":[{"taxonomy":"product_cat","embeddable":true,"href":"https:\/\/www.livrariarema.com.br\/loja\/wp-json\/wp\/v2\/product_cat?post=262758"},{"taxonomy":"product_tag","embeddable":true,"href":"https:\/\/www.livrariarema.com.br\/loja\/wp-json\/wp\/v2\/product_tag?post=262758"}],"curies":[{"name":"wp","href":"https:\/\/api.w.org\/{rel}","templated":true}]}}