{"id":262764,"date":"2023-11-01T12:57:12","date_gmt":"2023-11-01T15:57:12","guid":{"rendered":"https:\/\/www.livrariarema.com.br\/loja\/produtos\/sem categoria\/caderno-de-desenho-60-folhas-lunix-capa-flexivel\/"},"modified":"2023-12-02T17:16:32","modified_gmt":"2023-12-02T20:16:32","slug":"caderno-de-desenho-60-folhas-lunix-capa-flexivel","status":"publish","type":"product","link":"https:\/\/www.livrariarema.com.br\/loja\/produtos\/papelaria\/caderno\/caderno-de-desenho-60-folhas-lunix-capa-flexivel\/","title":{"rendered":"Caderno De Desenho 60 Folhas &#8211; Lunix &#8211; Capa Flex\u00edvel"},"content":{"rendered":"<p>O Caderno de Cartografia e Desenho Espiral Capa Flex\u00edvel Lunix 60 Folhas possui capa flex\u00edvel e folhas sem pauta. Ideal para o dia a dia na escola, auxiliando o aluno nas atividades de desenho e colorir.<\/p>\n<p>Detalhes<br \/>\nCapa: flex\u00edvel<br \/>\nEspiral<br \/>\nFolhas: sem pauta<br \/>\nMiolo<br \/>\nProduto certificado: FSC<br \/>\nFormato: 275mm x 200mm<br \/>\nGramatura: 56 g\/m\u00b2<br \/>\nN\u00famero de folhas: 60 folhas<\/p>\n<p>* Vendido Individualmente<\/p>\n","protected":false},"excerpt":{"rendered":"<p>O Caderno de Cartografia e Desenho Espiral Capa Flex\u00edvel Lunix 60 Folhas possui capa flex\u00edvel e folhas sem pauta. Ideal&hellip;<\/p>\n","protected":false},"featured_media":268738,"comment_status":"open","ping_status":"closed","template":"","meta":[],"product_cat":[230,215],"product_tag":[],"_links":{"self":[{"href":"https:\/\/www.livrariarema.com.br\/loja\/wp-json\/wp\/v2\/product\/262764"}],"collection":[{"href":"https:\/\/www.livrariarema.com.br\/loja\/wp-json\/wp\/v2\/product"}],"about":[{"href":"https:\/\/www.livrariarema.com.br\/loja\/wp-json\/wp\/v2\/types\/product"}],"replies":[{"embeddable":true,"href":"https:\/\/www.livrariarema.com.br\/loja\/wp-json\/wp\/v2\/comments?post=262764"}],"wp:featuredmedia":[{"embeddable":true,"href":"https:\/\/www.livrariarema.com.br\/loja\/wp-json\/wp\/v2\/media\/268738"}],"wp:attachment":[{"href":"https:\/\/www.livrariarema.com.br\/loja\/wp-json\/wp\/v2\/media?parent=262764"}],"wp:term":[{"taxonomy":"product_cat","embeddable":true,"href":"https:\/\/www.livrariarema.com.br\/loja\/wp-json\/wp\/v2\/product_cat?post=262764"},{"taxonomy":"product_tag","embeddable":true,"href":"https:\/\/www.livrariarema.com.br\/loja\/wp-json\/wp\/v2\/product_tag?post=262764"}],"curies":[{"name":"wp","href":"https:\/\/api.w.org\/{rel}","templated":true}]}}