{"id":263486,"date":"2023-11-07T10:02:44","date_gmt":"2023-11-07T13:02:44","guid":{"rendered":"https:\/\/www.livrariarema.com.br\/loja\/produtos\/sem%20categoria\/cartilha-de-atividades-maleta-entrando-na-musica\/"},"modified":"2025-03-05T16:15:52","modified_gmt":"2025-03-05T19:15:52","slug":"cartilha-de-atividades-maleta-entrando-na-musica","status":"publish","type":"product","link":"https:\/\/www.livrariarema.com.br\/loja\/produtos\/livros\/infantil\/cartilha-de-atividades-maleta-entrando-na-musica\/","title":{"rendered":"Cartilha De Atividades &#8211; Maleta &#8211; Entrando Na M\u00fasica"},"content":{"rendered":"<p>A maleta de atividades &#8220;M\u00fasica&#8221; tem como objetivo trabalhar a interatividade das crian\u00e7as com os sons, oferecer consci\u00eancia musical, estimular o conhecimento dos instrumentos e a aprendizagem das notas musicais por meio de brincadeiras. O produto tem 8 folhas e cartela de adesivos interativa com as atividades.<\/p>\n","protected":false},"excerpt":{"rendered":"<p>A maleta de atividades &#8220;M\u00fasica&#8221; tem como objetivo trabalhar a interatividade das crian\u00e7as com os sons, oferecer consci\u00eancia musical, estimular&hellip;<\/p>\n","protected":false},"featured_media":326553,"comment_status":"open","ping_status":"closed","template":"","meta":[],"product_cat":[144,134],"product_tag":[],"_links":{"self":[{"href":"https:\/\/www.livrariarema.com.br\/loja\/wp-json\/wp\/v2\/product\/263486"}],"collection":[{"href":"https:\/\/www.livrariarema.com.br\/loja\/wp-json\/wp\/v2\/product"}],"about":[{"href":"https:\/\/www.livrariarema.com.br\/loja\/wp-json\/wp\/v2\/types\/product"}],"replies":[{"embeddable":true,"href":"https:\/\/www.livrariarema.com.br\/loja\/wp-json\/wp\/v2\/comments?post=263486"}],"wp:featuredmedia":[{"embeddable":true,"href":"https:\/\/www.livrariarema.com.br\/loja\/wp-json\/wp\/v2\/media\/326553"}],"wp:attachment":[{"href":"https:\/\/www.livrariarema.com.br\/loja\/wp-json\/wp\/v2\/media?parent=263486"}],"wp:term":[{"taxonomy":"product_cat","embeddable":true,"href":"https:\/\/www.livrariarema.com.br\/loja\/wp-json\/wp\/v2\/product_cat?post=263486"},{"taxonomy":"product_tag","embeddable":true,"href":"https:\/\/www.livrariarema.com.br\/loja\/wp-json\/wp\/v2\/product_tag?post=263486"}],"curies":[{"name":"wp","href":"https:\/\/api.w.org\/{rel}","templated":true}]}}