{"id":264182,"date":"2023-11-10T17:03:18","date_gmt":"2023-11-10T20:03:18","guid":{"rendered":"https:\/\/www.livrariarema.com.br\/loja\/produtos\/sem categoria\/apontador-faber-castell-elipse\/"},"modified":"2026-03-19T13:30:30","modified_gmt":"2026-03-19T16:30:30","slug":"apontador-faber-castell-elipse","status":"publish","type":"product","link":"https:\/\/www.livrariarema.com.br\/loja\/produtos\/papelaria\/apontador\/apontador-faber-castell-elipse\/","title":{"rendered":"Apontador &#8211; Faber Castell &#8211; Elipse"},"content":{"rendered":"<p>Apontador Elipse Faber-Castell chegou como mais uma op\u00e7\u00e3o de apontador com dep\u00f3sito, trazendo mais praticidade para o seu uso. <br \/>\nCom tampa flip-top que evita sujeira no estojo, est\u00e1 dispon\u00edvel em 3 op\u00e7\u00f5es de cores: preto, cinza e vermelho. <br \/>\nCom dep\u00f3sito: garante maior praticidade <br \/>\nL\u00e2mina de a\u00e7o temperado: garantia de mais facilidade ao apontar e maior durabilidade <br \/>\nTampa Flip-Top: evita sujeira no estojo<\/p>\n<p>* Vendido Individualmente<\/p>\n<p>Registro Inmetro 008 084\/2014<\/p>\n","protected":false},"excerpt":{"rendered":"<p>Apontador Elipse Faber-Castell chegou como mais uma op\u00e7\u00e3o de apontador com dep\u00f3sito, trazendo mais praticidade para o seu uso. Com&hellip;<\/p>\n","protected":false},"featured_media":313231,"comment_status":"open","ping_status":"closed","template":"","meta":[],"product_cat":[283,215],"product_tag":[],"_links":{"self":[{"href":"https:\/\/www.livrariarema.com.br\/loja\/wp-json\/wp\/v2\/product\/264182"}],"collection":[{"href":"https:\/\/www.livrariarema.com.br\/loja\/wp-json\/wp\/v2\/product"}],"about":[{"href":"https:\/\/www.livrariarema.com.br\/loja\/wp-json\/wp\/v2\/types\/product"}],"replies":[{"embeddable":true,"href":"https:\/\/www.livrariarema.com.br\/loja\/wp-json\/wp\/v2\/comments?post=264182"}],"wp:featuredmedia":[{"embeddable":true,"href":"https:\/\/www.livrariarema.com.br\/loja\/wp-json\/wp\/v2\/media\/313231"}],"wp:attachment":[{"href":"https:\/\/www.livrariarema.com.br\/loja\/wp-json\/wp\/v2\/media?parent=264182"}],"wp:term":[{"taxonomy":"product_cat","embeddable":true,"href":"https:\/\/www.livrariarema.com.br\/loja\/wp-json\/wp\/v2\/product_cat?post=264182"},{"taxonomy":"product_tag","embeddable":true,"href":"https:\/\/www.livrariarema.com.br\/loja\/wp-json\/wp\/v2\/product_tag?post=264182"}],"curies":[{"name":"wp","href":"https:\/\/api.w.org\/{rel}","templated":true}]}}