{"id":264300,"date":"2023-11-10T17:22:50","date_gmt":"2023-11-10T20:22:50","guid":{"rendered":"https:\/\/www.livrariarema.com.br\/loja\/produtos\/sem%20categoria\/lapiseira-2-0mm-poly-click-preta\/"},"modified":"2026-01-31T12:41:15","modified_gmt":"2026-01-31T15:41:15","slug":"lapiseira-2-0mm-poly-click-preta","status":"publish","type":"product","link":"https:\/\/www.livrariarema.com.br\/loja\/produtos\/papelaria\/lapiseira\/lapiseira-2-0mm-poly-click-preta\/","title":{"rendered":"Lapiseira &#8211; 2.0Mm &#8211; Poly Click &#8211; Preta"},"content":{"rendered":"<p>A Lapiseira Poly Click Pencil 2.0. da Faber-Castell \u00e9 ideal para diversos usos, desde os primeiros desenhos e escritas aos trabalhos mais elaborados e t\u00e9cnicos. Para garantir m\u00e1ximo conforto e seguran\u00e7a durante o uso, a lapiseira foi desenvolvida com um formato ergon\u00f4mico e com grip emborrachado. Al\u00e9m de toda a praticidade de ter um apontador no topo, tudo em um \u00fanico produto. Muito mais conforto para escrever e desenhar Formato ergon\u00f4mico e grip emborrachado <br \/>\nPraticidade: com apontador na ponta<\/p>\n<p>Registro Inmetro: 000037\/2015<\/p>\n","protected":false},"excerpt":{"rendered":"<p>A Lapiseira Poly Click Pencil 2.0. da Faber-Castell \u00e9 ideal para diversos usos, desde os primeiros desenhos e escritas aos&hellip;<\/p>\n","protected":false},"featured_media":334921,"comment_status":"open","ping_status":"closed","template":"","meta":[],"product_cat":[276,215],"product_tag":[],"_links":{"self":[{"href":"https:\/\/www.livrariarema.com.br\/loja\/wp-json\/wp\/v2\/product\/264300"}],"collection":[{"href":"https:\/\/www.livrariarema.com.br\/loja\/wp-json\/wp\/v2\/product"}],"about":[{"href":"https:\/\/www.livrariarema.com.br\/loja\/wp-json\/wp\/v2\/types\/product"}],"replies":[{"embeddable":true,"href":"https:\/\/www.livrariarema.com.br\/loja\/wp-json\/wp\/v2\/comments?post=264300"}],"wp:featuredmedia":[{"embeddable":true,"href":"https:\/\/www.livrariarema.com.br\/loja\/wp-json\/wp\/v2\/media\/334921"}],"wp:attachment":[{"href":"https:\/\/www.livrariarema.com.br\/loja\/wp-json\/wp\/v2\/media?parent=264300"}],"wp:term":[{"taxonomy":"product_cat","embeddable":true,"href":"https:\/\/www.livrariarema.com.br\/loja\/wp-json\/wp\/v2\/product_cat?post=264300"},{"taxonomy":"product_tag","embeddable":true,"href":"https:\/\/www.livrariarema.com.br\/loja\/wp-json\/wp\/v2\/product_tag?post=264300"}],"curies":[{"name":"wp","href":"https:\/\/api.w.org\/{rel}","templated":true}]}}