{"id":266487,"date":"2023-11-24T14:33:56","date_gmt":"2023-11-24T17:33:56","guid":{"rendered":"https:\/\/www.livrariarema.com.br\/loja\/produtos\/sem%20categoria\/galatas-n-t-wright\/"},"modified":"2026-02-24T13:50:27","modified_gmt":"2026-02-24T16:50:27","slug":"galatas-n-t-wright","status":"publish","type":"product","link":"https:\/\/www.livrariarema.com.br\/loja\/produtos\/livros\/teologia\/galatas-n-t-wright\/","title":{"rendered":"Galatas &#8211; N. T. Wright"},"content":{"rendered":"<p>O PRIMEIRO COMENT\u00c1RIO ACAD\u00caMICO DE N. T. WRIGHT<\/p>\n<p>Neste coment\u00e1rio, N. T. Wright &#8211; considerado um dos estudiosos de Novo Testamento<br \/>\nmais importantes da atualidade &#8211; se debru\u00e7a sobre a rica teologia de G\u00e1latas sem<br \/>\nperder de vista o contexto hist\u00f3rico dos prim\u00f3rdios do cristianismo. Com esses dois<br \/>\nelementos em di\u00e1logo, o leitor poder\u00e1 compreender o sentido e o prop\u00f3sito do que Paulo escreveu, e descobrir\u00e1 como essa carta pode ser usada, de modo fiel, para responder \u00e0s perguntas da atualidade. Al\u00e9m disso, o foco na forma\u00e7\u00e3o crist\u00e3 \u00e9 uma marca de G\u00e1latas, preocupa\u00e7\u00e3o expressa pelo pr\u00f3prio ap\u00f3stolo de forma veemente: &#8220;Meus filhos, parece que estou outra vez em trabalho de parto com voces, ate que o Messias esteja totalmente formado em voc\u00eas!&#8221;. Assim, cada se\u00e7\u00e3o deste volume, com coment\u00e1rios vers\u00edculo por vers\u00edculo, \u00e9 seguida de reflex\u00f5es de Wright sobre o que o texto tem a dizer a respeito da forma\u00e7\u00e3o crist\u00e3 nos dias de hoje. Essas pondera\u00e7\u00f5es tornam a obra um excelente recurso para leitores em geral e para os que se preparam para ensinar ou pregar essa carta. Um coment\u00e1rio que alia caractert\u00edsticas marcantes de N.T. Wright: rigor acad\u00eamico, linguagem envolvente e cuidado pastoral.<\/p>\n","protected":false},"excerpt":{"rendered":"<p>O PRIMEIRO COMENT\u00c1RIO ACAD\u00caMICO DE N. T. WRIGHT Neste coment\u00e1rio, N. T. Wright &#8211; considerado um dos estudiosos de Novo&hellip;<\/p>\n","protected":false},"featured_media":345360,"comment_status":"open","ping_status":"closed","template":"","meta":[],"product_cat":[134,136],"product_tag":[],"_links":{"self":[{"href":"https:\/\/www.livrariarema.com.br\/loja\/wp-json\/wp\/v2\/product\/266487"}],"collection":[{"href":"https:\/\/www.livrariarema.com.br\/loja\/wp-json\/wp\/v2\/product"}],"about":[{"href":"https:\/\/www.livrariarema.com.br\/loja\/wp-json\/wp\/v2\/types\/product"}],"replies":[{"embeddable":true,"href":"https:\/\/www.livrariarema.com.br\/loja\/wp-json\/wp\/v2\/comments?post=266487"}],"wp:featuredmedia":[{"embeddable":true,"href":"https:\/\/www.livrariarema.com.br\/loja\/wp-json\/wp\/v2\/media\/345360"}],"wp:attachment":[{"href":"https:\/\/www.livrariarema.com.br\/loja\/wp-json\/wp\/v2\/media?parent=266487"}],"wp:term":[{"taxonomy":"product_cat","embeddable":true,"href":"https:\/\/www.livrariarema.com.br\/loja\/wp-json\/wp\/v2\/product_cat?post=266487"},{"taxonomy":"product_tag","embeddable":true,"href":"https:\/\/www.livrariarema.com.br\/loja\/wp-json\/wp\/v2\/product_tag?post=266487"}],"curies":[{"name":"wp","href":"https:\/\/api.w.org\/{rel}","templated":true}]}}