{"id":266804,"date":"2023-11-25T15:17:26","date_gmt":"2023-11-25T18:17:26","guid":{"rendered":"https:\/\/www.livrariarema.com.br\/loja\/produtos\/sem categoria\/copo-inox-temas-new-aceito-e-agradeco\/"},"modified":"2025-01-23T14:44:32","modified_gmt":"2025-01-23T17:44:32","slug":"copo-inox-temas-new-aceito-e-agradeco","status":"publish","type":"product","link":"https:\/\/www.livrariarema.com.br\/loja\/produtos\/diversos\/copo-squeeze\/copo-inox-temas-new-aceito-e-agradeco\/","title":{"rendered":"Copo Inox Temas New &#8211; Aceito E Agrade\u00e7o"},"content":{"rendered":"<p>O Copo Pl\u00e1stico Inox Aceito e Agrade\u00e7o \u00e9 ideal pra levar sua bebida com voc\u00ea de uma forma super pr\u00e1tica. Ele \u00e9 confeccionado em a\u00e7o inox, com veda\u00e7\u00e3o em silicone e tampa abre-fecha feito em material resistente e de alta durabilidade, com parede dupla para conservar a temperatura por mais tempo, possui base antiderrapante e BPA Free.<\/p>\n","protected":false},"excerpt":{"rendered":"<p>O Copo Pl\u00e1stico Inox Aceito e Agrade\u00e7o \u00e9 ideal pra levar sua bebida com voc\u00ea de uma forma super pr\u00e1tica.&hellip;<\/p>\n","protected":false},"featured_media":325303,"comment_status":"open","ping_status":"closed","template":"","meta":[],"product_cat":[234,132],"product_tag":[],"_links":{"self":[{"href":"https:\/\/www.livrariarema.com.br\/loja\/wp-json\/wp\/v2\/product\/266804"}],"collection":[{"href":"https:\/\/www.livrariarema.com.br\/loja\/wp-json\/wp\/v2\/product"}],"about":[{"href":"https:\/\/www.livrariarema.com.br\/loja\/wp-json\/wp\/v2\/types\/product"}],"replies":[{"embeddable":true,"href":"https:\/\/www.livrariarema.com.br\/loja\/wp-json\/wp\/v2\/comments?post=266804"}],"wp:featuredmedia":[{"embeddable":true,"href":"https:\/\/www.livrariarema.com.br\/loja\/wp-json\/wp\/v2\/media\/325303"}],"wp:attachment":[{"href":"https:\/\/www.livrariarema.com.br\/loja\/wp-json\/wp\/v2\/media?parent=266804"}],"wp:term":[{"taxonomy":"product_cat","embeddable":true,"href":"https:\/\/www.livrariarema.com.br\/loja\/wp-json\/wp\/v2\/product_cat?post=266804"},{"taxonomy":"product_tag","embeddable":true,"href":"https:\/\/www.livrariarema.com.br\/loja\/wp-json\/wp\/v2\/product_tag?post=266804"}],"curies":[{"name":"wp","href":"https:\/\/api.w.org\/{rel}","templated":true}]}}