{"id":267517,"date":"2023-11-29T13:02:34","date_gmt":"2023-11-29T16:02:34","guid":{"rendered":"https:\/\/www.livrariarema.com.br\/loja\/produtos\/sem categoria\/na085bft-biblia-de-estudo-fe-e-trabalho-preta\/"},"modified":"2026-02-19T14:36:01","modified_gmt":"2026-02-19T17:36:01","slug":"na085bft-biblia-de-estudo-fe-e-trabalho-preta","status":"publish","type":"product","link":"https:\/\/www.livrariarema.com.br\/loja\/produtos\/biblias\/estudo\/na085bft-biblia-de-estudo-fe-e-trabalho-preta\/","title":{"rendered":"Na085bft &#8211; B\u00edblia De Estudo F\u00e9 E Trabalho &#8211; Preta"},"content":{"rendered":"<p>Passamos mais tempo trabalhando, pensando no trabalho ou nos preparando para o trabalho do que qualquer outra atividade da vida. Certamente voc\u00ea j\u00e1 se deparou com algumas situa\u00e7\u00f5 es dif\u00edceis que exigiram discernimento para agir de maneira adequada e permanecer fiel a Jesus. A vida profissional est\u00e1 cheia de desafios e deve ser vivida debaixo da orienta\u00e7\u00e3o de Deus. Pela gra\u00e7a de Deus, a B\u00edblia est\u00e1 repleta de sabedoria e dire\u00e7\u00e3o sobre como podemos e devemos exercer nossa voca\u00e7\u00e3 o profissional. Agindo a partir da orienta\u00e7\u00e3o b\u00edblica, somos capazes de impactar positivamente a sociedade por meio de nossas atividades profissionais, nossa postura e nossas decis\u00f5es. S\u00f3 assim seremos disc\u00edpulos de Jesus em todo o tempo.<\/p>\n<p>A B\u00edblia F\u00e9 e Trabalho quer ajudar o crist\u00e3o nessa caminhada, oferecendo conselhos e orienta\u00e7\u00f5es por meio de preciosos materiais escritos por William Douglas e baseados na eterna Palavra de Deus.<\/p>\n<p>Mais de 540 quadros tem\u00e1ticos, frases e artigos escritos por William Douglas<br \/>\nComent\u00e1rios devocionais [192 quadros]<br \/>\nPalavras positivas e negativas [75 quadros]<br \/>\nEstudos b\u00edblicos em esbo\u00e7o [139 esbo\u00e7os]<br \/>\nTextos biogr\u00e1ficos de personagens b\u00edblicos [70 quadros]<br \/>\nVencendo os desafios da vida profissional [50 quadros]<br \/>\nAs 20 leis b\u00edblicas do sucesso financeiro [20 quadros]<br \/>\nFrases do autor (ao longo da B\u00edblia) [366 frases]<br \/>\nTr\u00eas li\u00e7\u00f5es para superar os seus maiores desafios<br \/>\nOs Dez Mandamentos para uma vida melhor<br \/>\nAprendendo a vencer gigantes<br \/>\nDez li\u00e7\u00f5es que aprendemos com as formigas<br \/>\nAprendendo com as formigas &#8211; Conselhos pr\u00e1ticos<br \/>\nOs 7 pecados capitais na busca do sucesso<br \/>\nOs 7 erros comuns em pessoas religiosas e que impedem o sucesso<br \/>\nBiografias de personalidades da hist\u00f3ria da Igreja [40 biografias]<br \/>\nE muito mais!<\/p>\n<p>William Douglas, casado com Nayara e pai de Fernanda Lu\u00edsa, Lucas e Samuel, \u00e9 membro da Igreja Plena de Icara\u00ed, em Niter\u00f3i-RJ. \u00c9 Mestre em Direito, p\u00f3s-graduado em Pol\u00edticas P\u00fablicas e Governo, juiz federal, professor universit\u00e1rio, al\u00e9m de escritor e conferencista. Faz parte da Academia Evang\u00e9lica de Letras do Brasil (AELB) e \u00e9 autor dos best-sellers Como passar em provas e concursos e As 25 leis b\u00edblicas do sucesso.<\/p>\n","protected":false},"excerpt":{"rendered":"<p>Passamos mais tempo trabalhando, pensando no trabalho ou nos preparando para o trabalho do que qualquer outra atividade da vida.&hellip;<\/p>\n","protected":false},"featured_media":343859,"comment_status":"open","ping_status":"closed","template":"","meta":[],"product_cat":[139,140],"product_tag":[],"_links":{"self":[{"href":"https:\/\/www.livrariarema.com.br\/loja\/wp-json\/wp\/v2\/product\/267517"}],"collection":[{"href":"https:\/\/www.livrariarema.com.br\/loja\/wp-json\/wp\/v2\/product"}],"about":[{"href":"https:\/\/www.livrariarema.com.br\/loja\/wp-json\/wp\/v2\/types\/product"}],"replies":[{"embeddable":true,"href":"https:\/\/www.livrariarema.com.br\/loja\/wp-json\/wp\/v2\/comments?post=267517"}],"wp:featuredmedia":[{"embeddable":true,"href":"https:\/\/www.livrariarema.com.br\/loja\/wp-json\/wp\/v2\/media\/343859"}],"wp:attachment":[{"href":"https:\/\/www.livrariarema.com.br\/loja\/wp-json\/wp\/v2\/media?parent=267517"}],"wp:term":[{"taxonomy":"product_cat","embeddable":true,"href":"https:\/\/www.livrariarema.com.br\/loja\/wp-json\/wp\/v2\/product_cat?post=267517"},{"taxonomy":"product_tag","embeddable":true,"href":"https:\/\/www.livrariarema.com.br\/loja\/wp-json\/wp\/v2\/product_tag?post=267517"}],"curies":[{"name":"wp","href":"https:\/\/api.w.org\/{rel}","templated":true}]}}