{"id":267749,"date":"2023-11-29T14:49:14","date_gmt":"2023-11-29T17:49:14","guid":{"rendered":"https:\/\/www.livrariarema.com.br\/loja\/produtos\/sem%20categoria\/na085tilsgilv-biblia-letra-supergigante-marrom\/"},"modified":"2025-12-24T11:21:29","modified_gmt":"2025-12-24T14:21:29","slug":"na085tilsgilv-biblia-letra-supergigante-marrom","status":"publish","type":"product","link":"https:\/\/www.livrariarema.com.br\/loja\/produtos\/biblias\/nova-almeida-atualizada\/na085tilsgilv-biblia-letra-supergigante-marrom\/","title":{"rendered":"Na085tilsgilv &#8211; B\u00edblia &#8211; Letra Supergigante &#8211; Com \u00cdndice &#8211; Marrom"},"content":{"rendered":"<p>Com um visual elegante e moderno, esta B\u00edblia com letra supergigante oferece uma experi\u00eancia de leitura mais din\u00e2mica e agrad\u00e1vel.<\/p>\n<p>Recurso:<br \/>\n&#8211; Como encontrar ajuda na B\u00edblia<br \/>\n&#8211; Palavras de Jesus impressas em Vermelho<\/p>\n","protected":false},"excerpt":{"rendered":"<p>Com um visual elegante e moderno, esta B\u00edblia com letra supergigante oferece uma experi\u00eancia de leitura mais din\u00e2mica e agrad\u00e1vel.&hellip;<\/p>\n","protected":false},"featured_media":338361,"comment_status":"open","ping_status":"closed","template":"","meta":[],"product_cat":[139,174],"product_tag":[],"_links":{"self":[{"href":"https:\/\/www.livrariarema.com.br\/loja\/wp-json\/wp\/v2\/product\/267749"}],"collection":[{"href":"https:\/\/www.livrariarema.com.br\/loja\/wp-json\/wp\/v2\/product"}],"about":[{"href":"https:\/\/www.livrariarema.com.br\/loja\/wp-json\/wp\/v2\/types\/product"}],"replies":[{"embeddable":true,"href":"https:\/\/www.livrariarema.com.br\/loja\/wp-json\/wp\/v2\/comments?post=267749"}],"wp:featuredmedia":[{"embeddable":true,"href":"https:\/\/www.livrariarema.com.br\/loja\/wp-json\/wp\/v2\/media\/338361"}],"wp:attachment":[{"href":"https:\/\/www.livrariarema.com.br\/loja\/wp-json\/wp\/v2\/media?parent=267749"}],"wp:term":[{"taxonomy":"product_cat","embeddable":true,"href":"https:\/\/www.livrariarema.com.br\/loja\/wp-json\/wp\/v2\/product_cat?post=267749"},{"taxonomy":"product_tag","embeddable":true,"href":"https:\/\/www.livrariarema.com.br\/loja\/wp-json\/wp\/v2\/product_tag?post=267749"}],"curies":[{"name":"wp","href":"https:\/\/api.w.org\/{rel}","templated":true}]}}