{"id":267898,"date":"2023-11-29T14:55:19","date_gmt":"2023-11-29T17:55:19","guid":{"rendered":"https:\/\/www.livrariarema.com.br\/loja\/produtos\/sem categoria\/na085tilsgilv-biblia-letra-supergigante-com-indice-rosa\/"},"modified":"2026-04-28T13:30:16","modified_gmt":"2026-04-28T16:30:16","slug":"na085tilsgilv-biblia-letra-supergigante-com-indice-rosa","status":"publish","type":"product","link":"https:\/\/www.livrariarema.com.br\/loja\/produtos\/biblias\/nova-almeida-atualizada\/na085tilsgilv-biblia-letra-supergigante-com-indice-rosa\/","title":{"rendered":"Na085tilsgilv &#8211; B\u00edblia &#8211; Letra Supergigante &#8211; Com \u00cdndice &#8211; Rosa"},"content":{"rendered":"<p>Com um visual elegante e moderno, esta B\u00edblia com letra supergigante oferece uma experi\u00eancia de leitura mais din\u00e2mica e agrad\u00e1vel.<\/p>\n<p>Recurso:<br \/>\nComo encontrar ajuda na B\u00edblia<br \/>\nPalavras de Jesus impressas em Vermelho<\/p>\n<p>Recursos Adicionais:<br \/>\n&#8211; Letra supergigante f\u00e1cil de ler <br \/>\n&#8211; Mais de 8.000 notas e refer\u00eancias cruzadas <br \/>\n&#8211; P\u00e1gina dedicat\u00f3ria<\/p>\n","protected":false},"excerpt":{"rendered":"<p>Com um visual elegante e moderno, esta B\u00edblia com letra supergigante oferece uma experi\u00eancia de leitura mais din\u00e2mica e agrad\u00e1vel.&hellip;<\/p>\n","protected":false},"featured_media":343999,"comment_status":"open","ping_status":"closed","template":"","meta":[],"product_cat":[139,174],"product_tag":[],"_links":{"self":[{"href":"https:\/\/www.livrariarema.com.br\/loja\/wp-json\/wp\/v2\/product\/267898"}],"collection":[{"href":"https:\/\/www.livrariarema.com.br\/loja\/wp-json\/wp\/v2\/product"}],"about":[{"href":"https:\/\/www.livrariarema.com.br\/loja\/wp-json\/wp\/v2\/types\/product"}],"replies":[{"embeddable":true,"href":"https:\/\/www.livrariarema.com.br\/loja\/wp-json\/wp\/v2\/comments?post=267898"}],"wp:featuredmedia":[{"embeddable":true,"href":"https:\/\/www.livrariarema.com.br\/loja\/wp-json\/wp\/v2\/media\/343999"}],"wp:attachment":[{"href":"https:\/\/www.livrariarema.com.br\/loja\/wp-json\/wp\/v2\/media?parent=267898"}],"wp:term":[{"taxonomy":"product_cat","embeddable":true,"href":"https:\/\/www.livrariarema.com.br\/loja\/wp-json\/wp\/v2\/product_cat?post=267898"},{"taxonomy":"product_tag","embeddable":true,"href":"https:\/\/www.livrariarema.com.br\/loja\/wp-json\/wp\/v2\/product_tag?post=267898"}],"curies":[{"name":"wp","href":"https:\/\/api.w.org\/{rel}","templated":true}]}}