{"id":270311,"date":"2023-12-07T15:50:21","date_gmt":"2023-12-07T18:50:21","guid":{"rendered":"https:\/\/www.livrariarema.com.br\/loja\/produtos\/sem categoria\/uma-vida-com-propositos-para-que-estou-na-terra-capa-dura-rick-warren\/"},"modified":"2026-01-29T14:30:36","modified_gmt":"2026-01-29T17:30:36","slug":"uma-vida-com-propositos-para-que-estou-na-terra-capa-dura-rick-warren","status":"publish","type":"product","link":"https:\/\/www.livrariarema.com.br\/loja\/produtos\/livros\/devocional\/uma-vida-com-propositos-para-que-estou-na-terra-capa-dura-rick-warren\/","title":{"rendered":"Uma Vida Com Prop\u00f3sitos &#8211; Para Que Estou Na Terra? &#8211; Capa Dura &#8211; Rick Warren"},"content":{"rendered":"<p>Para que estou na terra? Esta \u00e9 uma obra inspiradora, pragm\u00e1tica e profunda, que leva a uma reflex\u00e3o sobre o sentido da vida e o posicionamento adequado para uma vida com significado que fa\u00e7a a diferen\u00e7a.<\/p>\n","protected":false},"excerpt":{"rendered":"<p>Para que estou na terra? Esta \u00e9 uma obra inspiradora, pragm\u00e1tica e profunda, que leva a uma reflex\u00e3o sobre o&hellip;<\/p>\n","protected":false},"featured_media":343616,"comment_status":"open","ping_status":"closed","template":"","meta":[],"product_cat":[158,134],"product_tag":[],"_links":{"self":[{"href":"https:\/\/www.livrariarema.com.br\/loja\/wp-json\/wp\/v2\/product\/270311"}],"collection":[{"href":"https:\/\/www.livrariarema.com.br\/loja\/wp-json\/wp\/v2\/product"}],"about":[{"href":"https:\/\/www.livrariarema.com.br\/loja\/wp-json\/wp\/v2\/types\/product"}],"replies":[{"embeddable":true,"href":"https:\/\/www.livrariarema.com.br\/loja\/wp-json\/wp\/v2\/comments?post=270311"}],"wp:featuredmedia":[{"embeddable":true,"href":"https:\/\/www.livrariarema.com.br\/loja\/wp-json\/wp\/v2\/media\/343616"}],"wp:attachment":[{"href":"https:\/\/www.livrariarema.com.br\/loja\/wp-json\/wp\/v2\/media?parent=270311"}],"wp:term":[{"taxonomy":"product_cat","embeddable":true,"href":"https:\/\/www.livrariarema.com.br\/loja\/wp-json\/wp\/v2\/product_cat?post=270311"},{"taxonomy":"product_tag","embeddable":true,"href":"https:\/\/www.livrariarema.com.br\/loja\/wp-json\/wp\/v2\/product_tag?post=270311"}],"curies":[{"name":"wp","href":"https:\/\/api.w.org\/{rel}","templated":true}]}}