{"id":278659,"date":"2024-01-17T16:16:03","date_gmt":"2024-01-17T19:16:03","guid":{"rendered":"https:\/\/www.livrariarema.com.br\/loja\/produtos\/sem%20categoria\/cartas-de-j-r-r-tolkien-j-r-r-tolkien\/"},"modified":"2026-04-14T12:32:24","modified_gmt":"2026-04-14T15:32:24","slug":"cartas-de-j-r-r-tolkien-j-r-r-tolkien","status":"publish","type":"product","link":"https:\/\/www.livrariarema.com.br\/loja\/produtos\/livros\/ficcao\/cartas-de-j-r-r-tolkien-j-r-r-tolkien\/","title":{"rendered":"Cartas De J.R.R. Tolkien &#8211; J. R. R. Tolkien"},"content":{"rendered":"<p>Compilado das cartas de J.R.R. Tolkien organizado e editado por Humphrey Carpenter, bi\u00f3grafo oficial do autor, com a assist\u00eancia direta de Christopher Tolkien. A mais completa edi\u00e7\u00e3o das cartas do autor j\u00e1 publicada, revelando novos insights sobre a cria\u00e7\u00e3o de O Hobbit, O Senhor dos An\u00e9is e O Silmarillion.<\/p>\n<p>Uma sele\u00e7\u00e3o da correspond\u00eancia de Tolkien j\u00e1 havia sido publicada em 1981. Apresentava, nas pr\u00f3prias palavras de Tolkien, um retrato altamente detalhado do homem em seus muitos aspectos: contador de hist\u00f3rias, estudioso, cat\u00f3lico, pai, amigo e observador do mundo ao seu redor.<\/p>\n<p>Nesta edi\u00e7\u00e3o revisada e ampliada foi poss\u00edvel voltar aos textos datilografados e notas originais dos editores, restaurando mais de 150 cartas que foram extirpadas puramente para atingir o que era ent\u00e3o considerado um &#8220;tamanho public\u00e1vel&#8221; e apresentar o livro como originalmente pretendido.<\/p>\n","protected":false},"excerpt":{"rendered":"<p>Compilado das cartas de J.R.R. Tolkien organizado e editado por Humphrey Carpenter, bi\u00f3grafo oficial do autor, com a assist\u00eancia direta&hellip;<\/p>\n","protected":false},"featured_media":347000,"comment_status":"open","ping_status":"closed","template":"","meta":[],"product_cat":[162,134],"product_tag":[],"_links":{"self":[{"href":"https:\/\/www.livrariarema.com.br\/loja\/wp-json\/wp\/v2\/product\/278659"}],"collection":[{"href":"https:\/\/www.livrariarema.com.br\/loja\/wp-json\/wp\/v2\/product"}],"about":[{"href":"https:\/\/www.livrariarema.com.br\/loja\/wp-json\/wp\/v2\/types\/product"}],"replies":[{"embeddable":true,"href":"https:\/\/www.livrariarema.com.br\/loja\/wp-json\/wp\/v2\/comments?post=278659"}],"wp:featuredmedia":[{"embeddable":true,"href":"https:\/\/www.livrariarema.com.br\/loja\/wp-json\/wp\/v2\/media\/347000"}],"wp:attachment":[{"href":"https:\/\/www.livrariarema.com.br\/loja\/wp-json\/wp\/v2\/media?parent=278659"}],"wp:term":[{"taxonomy":"product_cat","embeddable":true,"href":"https:\/\/www.livrariarema.com.br\/loja\/wp-json\/wp\/v2\/product_cat?post=278659"},{"taxonomy":"product_tag","embeddable":true,"href":"https:\/\/www.livrariarema.com.br\/loja\/wp-json\/wp\/v2\/product_tag?post=278659"}],"curies":[{"name":"wp","href":"https:\/\/api.w.org\/{rel}","templated":true}]}}