{"id":279901,"date":"2024-01-22T11:24:08","date_gmt":"2024-01-22T14:24:08","guid":{"rendered":"https:\/\/www.livrariarema.com.br\/loja\/produtos\/sem categoria\/meu-sol-de-primavera-queren-ane\/"},"modified":"2026-03-31T17:22:04","modified_gmt":"2026-03-31T20:22:04","slug":"meu-sol-de-primavera-queren-ane","status":"publish","type":"product","link":"https:\/\/www.livrariarema.com.br\/loja\/produtos\/livros\/ficcao\/meu-sol-de-primavera-queren-ane\/","title":{"rendered":"Meu Sol De Primavera &#8211; Queren Ane"},"content":{"rendered":"<p>Aos 15 anos, Ch\u00e9r vive uma intensa paix\u00e3o por um colega de classe. Sonha dar o primeiro beijo, ser pedida em namoro e viver um lindo romance. Quando surge uma oportunidade de fisgar o garoto, Ch\u00e9r n\u00e3o hesita em bolar um plano para conquistar o cora\u00e7\u00e3o do crush. Ser\u00e1 que seus planos dar\u00e3o certo? Ela conseguir\u00e1 viver o romance t\u00e3o desejado?<\/p>\n<p>\u00c9 isso o que veremos em Meu sol de primavera, a hist\u00f3ria de uma adolescente que vive intensamente os desafios de sua idade. E n\u00e3o s\u00e3o poucos: problemas na escola, a busca pelo amor, quest\u00f5es com a apar\u00eancia, briga com os pais,<\/p>\n","protected":false},"excerpt":{"rendered":"<p>Aos 15 anos, Ch\u00e9r vive uma intensa paix\u00e3o por um colega de classe. Sonha dar o primeiro beijo, ser pedida&hellip;<\/p>\n","protected":false},"featured_media":344256,"comment_status":"open","ping_status":"closed","template":"","meta":[],"product_cat":[162,134],"product_tag":[],"_links":{"self":[{"href":"https:\/\/www.livrariarema.com.br\/loja\/wp-json\/wp\/v2\/product\/279901"}],"collection":[{"href":"https:\/\/www.livrariarema.com.br\/loja\/wp-json\/wp\/v2\/product"}],"about":[{"href":"https:\/\/www.livrariarema.com.br\/loja\/wp-json\/wp\/v2\/types\/product"}],"replies":[{"embeddable":true,"href":"https:\/\/www.livrariarema.com.br\/loja\/wp-json\/wp\/v2\/comments?post=279901"}],"wp:featuredmedia":[{"embeddable":true,"href":"https:\/\/www.livrariarema.com.br\/loja\/wp-json\/wp\/v2\/media\/344256"}],"wp:attachment":[{"href":"https:\/\/www.livrariarema.com.br\/loja\/wp-json\/wp\/v2\/media?parent=279901"}],"wp:term":[{"taxonomy":"product_cat","embeddable":true,"href":"https:\/\/www.livrariarema.com.br\/loja\/wp-json\/wp\/v2\/product_cat?post=279901"},{"taxonomy":"product_tag","embeddable":true,"href":"https:\/\/www.livrariarema.com.br\/loja\/wp-json\/wp\/v2\/product_tag?post=279901"}],"curies":[{"name":"wp","href":"https:\/\/api.w.org\/{rel}","templated":true}]}}

<p>Aos 15 anos, Chér vive uma intensa paixão por um colega de classe. Sonha dar o primeiro beijo, ser pedida em namoro e viver um lindo romance. Quando surge uma oportunidade de fisgar o garoto, Chér não hesita em bolar um plano para conquistar o coração do crush. Será que seus planos darão certo? Ela conseguirá viver o romance tão desejado?</p>
<p>É isso o que veremos em Meu sol de primavera, a história de uma adolescente que vive intensamente os desafios de sua idade. E não são poucos: problemas na escola, a busca pelo amor, questões com a aparência, briga com os pais,</p>

<p>Aos 15 anos, Chér vive uma intensa paixão por um colega de classe. Sonha dar o primeiro beijo, ser pedida&hellip;</p>
