{"id":281514,"date":"2024-01-31T17:23:17","date_gmt":"2024-01-31T20:23:17","guid":{"rendered":"https:\/\/www.livrariarema.com.br\/loja\/produtos\/sem categoria\/viciados-em-si-mesmos-larry-crabb\/"},"modified":"2026-02-20T13:42:06","modified_gmt":"2026-02-20T16:42:06","slug":"viciados-em-si-mesmos-larry-crabb","status":"publish","type":"product","link":"https:\/\/www.livrariarema.com.br\/loja\/produtos\/livros\/vida-crista\/viciados-em-si-mesmos-larry-crabb\/","title":{"rendered":"Viciados Em Si Mesmos &#8211; Larry Crabb"},"content":{"rendered":"<p>Desde a sa\u00edda do jardim do \u00c9den, todo ser humano j\u00e1 chega ao mundo com o v\u00edcio obstinado de buscar seu pr\u00f3prio bem-estar. Vivemos, ent\u00e3o, viciados em satisfazer todos aqueles anseios que somos incapazes de recusar ou de reprimir. At\u00e9 aprendermos a guardar avidamente o c\u00e9u, quando todos os nossos anseios ser\u00e3o satisfeitos de forma plena e eterna, viveremos propensos a um \u00fanico objetivo: fazer a vida funcionar de acordo com o nosso desejo.<\/p>\n<p>Isso se manifesta de duas maneiras:<\/p>\n<p>Egocentrismo. A tend\u00eancia de nos preocuparmos excessivamente com n\u00f3s mesmos, o que impulsiona diversas a\u00e7\u00f5es e escolhas muitas vezes \u00e0 custa do outro.<br \/>\nV\u00edcios e comportamentos destrutivos. Uma maneira de tentarmos preencher os anseios mais profundos, muitas vezes buscando satisfa\u00e7\u00e3o em coisas que nos desconecta da realidade, nos levando a comportamentos prejudiciais. Esses comportamentos t\u00eam origem no v\u00edcio em si mesmo.<br \/>\nAguardar o c\u00e9u para obtermos tudo o que nossa alma mais deseja, sem exigir nada nesta vida, nos liberta para amar da maneira correta, alegrar a Deus e ajudar o pr\u00f3ximo sem exigir nada em troca.<\/p>\n<p>Qual \u00e9 a consequ\u00eancia disso? A verdadeira alegria, que \u00e9 a satisfa\u00e7\u00e3o de viver e amar como o Senhor Jesus Cristo.<\/p>\n","protected":false},"excerpt":{"rendered":"<p>Desde a sa\u00edda do jardim do \u00c9den, todo ser humano j\u00e1 chega ao mundo com o v\u00edcio obstinado de buscar&hellip;<\/p>\n","protected":false},"featured_media":345112,"comment_status":"open","ping_status":"closed","template":"","meta":[],"product_cat":[134,137],"product_tag":[],"_links":{"self":[{"href":"https:\/\/www.livrariarema.com.br\/loja\/wp-json\/wp\/v2\/product\/281514"}],"collection":[{"href":"https:\/\/www.livrariarema.com.br\/loja\/wp-json\/wp\/v2\/product"}],"about":[{"href":"https:\/\/www.livrariarema.com.br\/loja\/wp-json\/wp\/v2\/types\/product"}],"replies":[{"embeddable":true,"href":"https:\/\/www.livrariarema.com.br\/loja\/wp-json\/wp\/v2\/comments?post=281514"}],"wp:featuredmedia":[{"embeddable":true,"href":"https:\/\/www.livrariarema.com.br\/loja\/wp-json\/wp\/v2\/media\/345112"}],"wp:attachment":[{"href":"https:\/\/www.livrariarema.com.br\/loja\/wp-json\/wp\/v2\/media?parent=281514"}],"wp:term":[{"taxonomy":"product_cat","embeddable":true,"href":"https:\/\/www.livrariarema.com.br\/loja\/wp-json\/wp\/v2\/product_cat?post=281514"},{"taxonomy":"product_tag","embeddable":true,"href":"https:\/\/www.livrariarema.com.br\/loja\/wp-json\/wp\/v2\/product_tag?post=281514"}],"curies":[{"name":"wp","href":"https:\/\/api.w.org\/{rel}","templated":true}]}}