{"id":281648,"date":"2024-02-01T12:23:32","date_gmt":"2024-02-01T15:23:32","guid":{"rendered":"https:\/\/www.livrariarema.com.br\/loja\/produtos\/sem categoria\/bencaos-de-apocalipse-as-nancy-guthrie\/"},"modified":"2026-03-16T13:27:55","modified_gmt":"2026-03-16T16:27:55","slug":"bencaos-de-apocalipse-as-nancy-guthrie","status":"publish","type":"product","link":"https:\/\/www.livrariarema.com.br\/loja\/produtos\/livros\/estudo-biblico\/bencaos-de-apocalipse-as-nancy-guthrie\/","title":{"rendered":"B\u00ean\u00e7\u00e3os De Apocalipse, As &#8211; Nancy Guthrie"},"content":{"rendered":"<p>Lidando com o texto de Apocalipse, cap\u00edtulo por cap\u00edtulo, Nancy Guthrie explica o significado do livro para o p\u00fablico do primeiro s\u00e9culo e nos conduz ao seu significado para os leitores modernos. Ao longo da leitura voc\u00ea ouvir\u00e1 o chamado de Cristo para que sejamos perseverantes e recusemos a sermos transigentes durante nossa espera pela consuma\u00e7\u00e3o gloriosa do Reino.<\/p>\n","protected":false},"excerpt":{"rendered":"<p>Lidando com o texto de Apocalipse, cap\u00edtulo por cap\u00edtulo, Nancy Guthrie explica o significado do livro para o p\u00fablico do&hellip;<\/p>\n","protected":false},"featured_media":346300,"comment_status":"open","ping_status":"closed","template":"","meta":[],"product_cat":[161,134],"product_tag":[],"_links":{"self":[{"href":"https:\/\/www.livrariarema.com.br\/loja\/wp-json\/wp\/v2\/product\/281648"}],"collection":[{"href":"https:\/\/www.livrariarema.com.br\/loja\/wp-json\/wp\/v2\/product"}],"about":[{"href":"https:\/\/www.livrariarema.com.br\/loja\/wp-json\/wp\/v2\/types\/product"}],"replies":[{"embeddable":true,"href":"https:\/\/www.livrariarema.com.br\/loja\/wp-json\/wp\/v2\/comments?post=281648"}],"wp:featuredmedia":[{"embeddable":true,"href":"https:\/\/www.livrariarema.com.br\/loja\/wp-json\/wp\/v2\/media\/346300"}],"wp:attachment":[{"href":"https:\/\/www.livrariarema.com.br\/loja\/wp-json\/wp\/v2\/media?parent=281648"}],"wp:term":[{"taxonomy":"product_cat","embeddable":true,"href":"https:\/\/www.livrariarema.com.br\/loja\/wp-json\/wp\/v2\/product_cat?post=281648"},{"taxonomy":"product_tag","embeddable":true,"href":"https:\/\/www.livrariarema.com.br\/loja\/wp-json\/wp\/v2\/product_tag?post=281648"}],"curies":[{"name":"wp","href":"https:\/\/api.w.org\/{rel}","templated":true}]}}