{"id":284904,"date":"2024-02-19T12:54:17","date_gmt":"2024-02-19T15:54:17","guid":{"rendered":"https:\/\/www.livrariarema.com.br\/loja\/produtos\/sem categoria\/sem-limites-john-c-maxwell\/"},"modified":"2026-02-27T14:45:00","modified_gmt":"2026-02-27T17:45:00","slug":"sem-limites-john-c-maxwell","status":"publish","type":"product","link":"https:\/\/www.livrariarema.com.br\/loja\/produtos\/livros\/lideranca\/sem-limites-john-c-maxwell\/","title":{"rendered":"Sem Limites &#8211; John C. Maxwell"},"content":{"rendered":"<p>Muitas pessoas ouvem a palavra capacidade e presumem que \u00e9 uma limita\u00e7\u00e3o. Em vez disso, precisamos definir o nosso mundo e a n\u00f3s mesmos em termos de nossas possibilidades. Em Sem Limites, o autor best-seller n\u00ba 1 do New York Times, John Maxwell identifica 17 capacidades essenciais que precisamos desenvolver para atingir nosso pleno potencial. Maxwell examina cada uma dessas capacidades e fornece conselhos claros e pr\u00e1ticos sobre como voc\u00ea pode aumentar seu potencial em cada uma delas.<\/p>\n","protected":false},"excerpt":{"rendered":"<p>Muitas pessoas ouvem a palavra capacidade e presumem que \u00e9 uma limita\u00e7\u00e3o. Em vez disso, precisamos definir o nosso mundo&hellip;<\/p>\n","protected":false},"featured_media":345581,"comment_status":"open","ping_status":"closed","template":"","meta":[],"product_cat":[153,134],"product_tag":[],"_links":{"self":[{"href":"https:\/\/www.livrariarema.com.br\/loja\/wp-json\/wp\/v2\/product\/284904"}],"collection":[{"href":"https:\/\/www.livrariarema.com.br\/loja\/wp-json\/wp\/v2\/product"}],"about":[{"href":"https:\/\/www.livrariarema.com.br\/loja\/wp-json\/wp\/v2\/types\/product"}],"replies":[{"embeddable":true,"href":"https:\/\/www.livrariarema.com.br\/loja\/wp-json\/wp\/v2\/comments?post=284904"}],"wp:featuredmedia":[{"embeddable":true,"href":"https:\/\/www.livrariarema.com.br\/loja\/wp-json\/wp\/v2\/media\/345581"}],"wp:attachment":[{"href":"https:\/\/www.livrariarema.com.br\/loja\/wp-json\/wp\/v2\/media?parent=284904"}],"wp:term":[{"taxonomy":"product_cat","embeddable":true,"href":"https:\/\/www.livrariarema.com.br\/loja\/wp-json\/wp\/v2\/product_cat?post=284904"},{"taxonomy":"product_tag","embeddable":true,"href":"https:\/\/www.livrariarema.com.br\/loja\/wp-json\/wp\/v2\/product_tag?post=284904"}],"curies":[{"name":"wp","href":"https:\/\/api.w.org\/{rel}","templated":true}]}}