{"id":286937,"date":"2024-03-05T17:48:15","date_gmt":"2024-03-05T20:48:15","guid":{"rendered":"https:\/\/www.livrariarema.com.br\/loja\/produtos\/sem categoria\/biblia-de-estudo-tematica-mulheres-com-proposito-com-harpa-capa-pu-luxo-flores\/"},"modified":"2026-02-26T09:01:35","modified_gmt":"2026-02-26T12:01:35","slug":"biblia-de-estudo-tematica-mulheres-com-proposito-com-harpa-capa-pu-luxo-flores","status":"publish","type":"product","link":"https:\/\/www.livrariarema.com.br\/loja\/produtos\/biblias\/estudo-feminina\/biblia-de-estudo-tematica-mulheres-com-proposito-com-harpa-capa-pu-luxo-flores\/","title":{"rendered":"B\u00edblia De Estudo Tem\u00e1tica Mulheres Com Prop\u00f3sito &#8211; Com Harpa &#8211; Capa Pu Luxo &#8211;  Flores"},"content":{"rendered":"<p>A B\u00edblia de Estudo Mulheres com Prop\u00f3sitos \u00e9 um guia abrangente que combina sabedoria b\u00edblica atemporal com recursos pr\u00e1ticos para ajud\u00e1-la a desbloquear seu verdadeiro potencial. Explore as hist\u00f3rias inspiradoras das mulheres na B\u00edblia, como D\u00e9bora, Ester, Maria e outras, e descubra como seus prop\u00f3sitos foram revelados e cumpridos em meio a desafios e adversidades.<\/p>\n<p>Esta B\u00edblia de Estudo oferece estudos b\u00edblicos aprofundados, medita\u00e7\u00f5es encorajadoras e reflex\u00f5es perspicazes para ajud\u00e1-la a encontrar sua identidade em Cristo e entender a import\u00e2ncia dos dons e talentos que Deus lhe concedeu. Aprenda a aplicar princ\u00edpios b\u00edblicos em sua vida di\u00e1ria, relacionamentos, carreira e servi\u00e7o a Deus e aos outros.<\/p>\n","protected":false},"excerpt":{"rendered":"<p>A B\u00edblia de Estudo Mulheres com Prop\u00f3sitos \u00e9 um guia abrangente que combina sabedoria b\u00edblica atemporal com recursos pr\u00e1ticos para&hellip;<\/p>\n","protected":false},"featured_media":301244,"comment_status":"open","ping_status":"closed","template":"","meta":[],"product_cat":[139,175],"product_tag":[],"_links":{"self":[{"href":"https:\/\/www.livrariarema.com.br\/loja\/wp-json\/wp\/v2\/product\/286937"}],"collection":[{"href":"https:\/\/www.livrariarema.com.br\/loja\/wp-json\/wp\/v2\/product"}],"about":[{"href":"https:\/\/www.livrariarema.com.br\/loja\/wp-json\/wp\/v2\/types\/product"}],"replies":[{"embeddable":true,"href":"https:\/\/www.livrariarema.com.br\/loja\/wp-json\/wp\/v2\/comments?post=286937"}],"wp:featuredmedia":[{"embeddable":true,"href":"https:\/\/www.livrariarema.com.br\/loja\/wp-json\/wp\/v2\/media\/301244"}],"wp:attachment":[{"href":"https:\/\/www.livrariarema.com.br\/loja\/wp-json\/wp\/v2\/media?parent=286937"}],"wp:term":[{"taxonomy":"product_cat","embeddable":true,"href":"https:\/\/www.livrariarema.com.br\/loja\/wp-json\/wp\/v2\/product_cat?post=286937"},{"taxonomy":"product_tag","embeddable":true,"href":"https:\/\/www.livrariarema.com.br\/loja\/wp-json\/wp\/v2\/product_tag?post=286937"}],"curies":[{"name":"wp","href":"https:\/\/api.w.org\/{rel}","templated":true}]}}