{"id":286941,"date":"2024-03-05T17:48:29","date_gmt":"2024-03-05T20:48:29","guid":{"rendered":"https:\/\/www.livrariarema.com.br\/loja\/produtos\/sem%20categoria\/biblia-de-estudo-tematica-mulheres-de-oracao-com-harpa-capa-pu-luxo-branca-flores\/"},"modified":"2026-02-26T09:01:42","modified_gmt":"2026-02-26T12:01:42","slug":"biblia-de-estudo-tematica-mulheres-de-oracao-com-harpa-capa-pu-luxo-branca-flores","status":"publish","type":"product","link":"https:\/\/www.livrariarema.com.br\/loja\/produtos\/biblias\/estudo-feminina\/biblia-de-estudo-tematica-mulheres-de-oracao-com-harpa-capa-pu-luxo-branca-flores\/","title":{"rendered":"B\u00edblia De Estudo Tem\u00e1tica Mulheres De Ora\u00e7\u00e3o &#8211; Com Harpa &#8211; Capa Pu Luxo &#8211;  Branca Flores"},"content":{"rendered":"<p>Prepare-se para mergulhar em uma jornada de f\u00e9 e fortalecimento espiritual com a B\u00edblia de Estudo Tem\u00e1tica &#8220;Mulheres de Ora\u00e7\u00e3o&#8221;. Essa obra inspirada, com autoria de Spurgeon, foi cuidadosamente elaborada para atender \u00e0s necessidades espirituais das mulheres e ajud\u00e1-las a fortalecer sua conex\u00e3o com Deus por meio da ora\u00e7\u00e3o.<\/p>\n<p>Com mais de 1200 p\u00e1ginas, essa B\u00edblia de Estudo \u00e9 um tesouro de conhecimento, sabedoria e inspira\u00e7\u00e3o. Ela traz estudos b\u00edblicos enriquecedores, reflex\u00f5es perspicazes e hist\u00f3rias inspiradas, todas focadas no poder da ora\u00e7\u00e3o. Ao explorar essas p\u00e1ginas, voc\u00ea encontrar\u00e1 orienta\u00e7\u00e3o para enfrentar os desafios do dia a dia, fortalecer seus relacionamentos, descobrir sua identidade em Cristo e cultivar um relacionamento \u00edntimo com Deus.<\/p>\n","protected":false},"excerpt":{"rendered":"<p>Prepare-se para mergulhar em uma jornada de f\u00e9 e fortalecimento espiritual com a B\u00edblia de Estudo Tem\u00e1tica &#8220;Mulheres de Ora\u00e7\u00e3o&#8221;.&hellip;<\/p>\n","protected":false},"featured_media":318545,"comment_status":"open","ping_status":"closed","template":"","meta":[],"product_cat":[139,175],"product_tag":[],"_links":{"self":[{"href":"https:\/\/www.livrariarema.com.br\/loja\/wp-json\/wp\/v2\/product\/286941"}],"collection":[{"href":"https:\/\/www.livrariarema.com.br\/loja\/wp-json\/wp\/v2\/product"}],"about":[{"href":"https:\/\/www.livrariarema.com.br\/loja\/wp-json\/wp\/v2\/types\/product"}],"replies":[{"embeddable":true,"href":"https:\/\/www.livrariarema.com.br\/loja\/wp-json\/wp\/v2\/comments?post=286941"}],"wp:featuredmedia":[{"embeddable":true,"href":"https:\/\/www.livrariarema.com.br\/loja\/wp-json\/wp\/v2\/media\/318545"}],"wp:attachment":[{"href":"https:\/\/www.livrariarema.com.br\/loja\/wp-json\/wp\/v2\/media?parent=286941"}],"wp:term":[{"taxonomy":"product_cat","embeddable":true,"href":"https:\/\/www.livrariarema.com.br\/loja\/wp-json\/wp\/v2\/product_cat?post=286941"},{"taxonomy":"product_tag","embeddable":true,"href":"https:\/\/www.livrariarema.com.br\/loja\/wp-json\/wp\/v2\/product_tag?post=286941"}],"curies":[{"name":"wp","href":"https:\/\/api.w.org\/{rel}","templated":true}]}}