{"id":286945,"date":"2024-03-05T17:48:42","date_gmt":"2024-03-05T20:48:42","guid":{"rendered":"https:\/\/www.livrariarema.com.br\/loja\/produtos\/sem categoria\/biblia-de-estudo-tematica-orando-a-palavra-com-harpa-capa-pu-luxo-preta\/"},"modified":"2025-04-30T12:40:52","modified_gmt":"2025-04-30T15:40:52","slug":"biblia-de-estudo-tematica-orando-a-palavra-com-harpa-capa-pu-luxo-preta","status":"publish","type":"product","link":"https:\/\/www.livrariarema.com.br\/loja\/produtos\/biblias\/estudo\/biblia-de-estudo-tematica-orando-a-palavra-com-harpa-capa-pu-luxo-preta\/","title":{"rendered":"B\u00edblia De Estudo Tem\u00e1tica Orando A Palavra &#8211; Com Harpa &#8211; Capa Pu Luxo &#8211;  Preta"},"content":{"rendered":"<p>A B\u00edblia de Estudo Tem\u00e1tica | Orando a Palavra, escrita por Charles Spurgeon e Edward M. Bounds, \u00e9 uma obra inspiradora e pr\u00e1tica que oferece um guia essencial para fortalecer a vida de ora\u00e7\u00e3o. Com 1206 p\u00e1ginas e uma letra gigante, essa B\u00edblia apresenta oito estudos sobre ora\u00e7\u00e3o, a Harpa Crist\u00e3 e a tradu\u00e7\u00e3o da Editora Penkal. Seu destaque est\u00e1 nas palavras de Jesus em negrito e no resumo de todos os livros da B\u00edblia.<\/p>\n<p>Descubra o poder e a profundidade da ora\u00e7\u00e3o em sua vida di\u00e1ria atrav\u00e9s desse tesouro de recursos cuidadosamente elaborados. Com estudos b\u00edblicos aprofundados, reflex\u00f5es edificantes e orienta\u00e7\u00f5es pr\u00e1ticas, essa B\u00edblia ser\u00e1 seu companheiro confi\u00e1vel enquanto voc\u00ea se aproxima de Deus em ora\u00e7\u00e3o. Encontre dire\u00e7\u00e3o, intimidade e conex\u00e3o com Deus por meio da Palavra, orando de forma mais eficaz e significativa.<\/p>\n","protected":false},"excerpt":{"rendered":"<p>A B\u00edblia de Estudo Tem\u00e1tica | Orando a Palavra, escrita por Charles Spurgeon e Edward M. Bounds, \u00e9 uma obra&hellip;<\/p>\n","protected":false},"featured_media":287194,"comment_status":"open","ping_status":"closed","template":"","meta":[],"product_cat":[139,140],"product_tag":[],"_links":{"self":[{"href":"https:\/\/www.livrariarema.com.br\/loja\/wp-json\/wp\/v2\/product\/286945"}],"collection":[{"href":"https:\/\/www.livrariarema.com.br\/loja\/wp-json\/wp\/v2\/product"}],"about":[{"href":"https:\/\/www.livrariarema.com.br\/loja\/wp-json\/wp\/v2\/types\/product"}],"replies":[{"embeddable":true,"href":"https:\/\/www.livrariarema.com.br\/loja\/wp-json\/wp\/v2\/comments?post=286945"}],"wp:featuredmedia":[{"embeddable":true,"href":"https:\/\/www.livrariarema.com.br\/loja\/wp-json\/wp\/v2\/media\/287194"}],"wp:attachment":[{"href":"https:\/\/www.livrariarema.com.br\/loja\/wp-json\/wp\/v2\/media?parent=286945"}],"wp:term":[{"taxonomy":"product_cat","embeddable":true,"href":"https:\/\/www.livrariarema.com.br\/loja\/wp-json\/wp\/v2\/product_cat?post=286945"},{"taxonomy":"product_tag","embeddable":true,"href":"https:\/\/www.livrariarema.com.br\/loja\/wp-json\/wp\/v2\/product_tag?post=286945"}],"curies":[{"name":"wp","href":"https:\/\/api.w.org\/{rel}","templated":true}]}}