{"id":289307,"date":"2024-03-28T09:39:24","date_gmt":"2024-03-28T12:39:24","guid":{"rendered":"https:\/\/www.livrariarema.com.br\/loja\/produtos\/sem categoria\/biblia-leitura-perfeita-nvi-ziper-couro-soft-emborrachado-ele-voltara-laranja\/"},"modified":"2025-09-16T14:37:19","modified_gmt":"2025-09-16T17:37:19","slug":"biblia-leitura-perfeita-nvi-ziper-couro-soft-emborrachado-ele-voltara-laranja","status":"publish","type":"product","link":"https:\/\/www.livrariarema.com.br\/loja\/produtos\/biblias\/nvi\/biblia-leitura-perfeita-nvi-ziper-couro-soft-emborrachado-ele-voltara-laranja\/","title":{"rendered":"B\u00edblia Leitura Perfeita &#8211; Nvi &#8211; Z\u00edper &#8211; Couro Soft Emborrachado &#8211; Ele Voltar\u00e1 &#8211; Laranja"},"content":{"rendered":"<p>Parte da cole\u00e7\u00e3o de B\u00edblias A promessa, a capa Ele voltar\u00e1 mostra Jesus retratado como o Le\u00e3o de Jud\u00e1, uma das maiores iconografias do cristianismo. O simbolismo nos relembra da coragem, justi\u00e7a e nobreza de Deus com a promessa de que ele voltar\u00e1.<\/p>\n<p>Conta com uma capa em couro soft laranja, desenho em baixo relevo e um toque especial em hot stamp. Seu grande diferencial \u00e9 o fechamento em z\u00edper, que traz conforto e praticidade para lev\u00e1-la a qualquer lugar, seja na igreja ou para carregar na bolsa no dia a dia. Al\u00e9m disso, seu texto est\u00e1 na vers\u00e3o NVI (Nova Vers\u00e3o Internacional), que se baseia na precis\u00e3o, clareza e uma abordagem contempor\u00e2nea e, ao mesmo, fiel ao texto original. Nela, voc\u00ea encontrar\u00e1 ainda a fonte Leitura Perfeita. Desenvolvida exclusivamente para a Thomas Nelson Brasil, a Leitura Perfeita \u00e9 uma fonte singular, moderna, bonita, clara e leg\u00edvel, ao mesmo tempo em que integra os melhores avan\u00e7os em tipografia de b\u00edblias modernas. O resultado \u00e9 uma tipologia que traz total conforto na leitura em qualquer tamanho<\/p>\n<p>Adquira a B\u00edblia Ele voltar\u00e1 e tenha a palavra de Deus contigo todos os dias!<\/p>\n","protected":false},"excerpt":{"rendered":"<p>Parte da cole\u00e7\u00e3o de B\u00edblias A promessa, a capa Ele voltar\u00e1 mostra Jesus retratado como o Le\u00e3o de Jud\u00e1, uma&hellip;<\/p>\n","protected":false},"featured_media":336652,"comment_status":"open","ping_status":"closed","template":"","meta":[],"product_cat":[139,166],"product_tag":[],"_links":{"self":[{"href":"https:\/\/www.livrariarema.com.br\/loja\/wp-json\/wp\/v2\/product\/289307"}],"collection":[{"href":"https:\/\/www.livrariarema.com.br\/loja\/wp-json\/wp\/v2\/product"}],"about":[{"href":"https:\/\/www.livrariarema.com.br\/loja\/wp-json\/wp\/v2\/types\/product"}],"replies":[{"embeddable":true,"href":"https:\/\/www.livrariarema.com.br\/loja\/wp-json\/wp\/v2\/comments?post=289307"}],"wp:featuredmedia":[{"embeddable":true,"href":"https:\/\/www.livrariarema.com.br\/loja\/wp-json\/wp\/v2\/media\/336652"}],"wp:attachment":[{"href":"https:\/\/www.livrariarema.com.br\/loja\/wp-json\/wp\/v2\/media?parent=289307"}],"wp:term":[{"taxonomy":"product_cat","embeddable":true,"href":"https:\/\/www.livrariarema.com.br\/loja\/wp-json\/wp\/v2\/product_cat?post=289307"},{"taxonomy":"product_tag","embeddable":true,"href":"https:\/\/www.livrariarema.com.br\/loja\/wp-json\/wp\/v2\/product_tag?post=289307"}],"curies":[{"name":"wp","href":"https:\/\/api.w.org\/{rel}","templated":true}]}}