{"id":292425,"date":"2024-04-19T08:24:00","date_gmt":"2024-04-19T11:24:00","guid":{"rendered":"https:\/\/www.livrariarema.com.br\/loja\/produtos\/sem categoria\/serie-oeste-canadense-2-quando-chega-a-primavera-janette-oke\/"},"modified":"2025-01-06T12:13:06","modified_gmt":"2025-01-06T15:13:06","slug":"serie-oeste-canadense-2-quando-chega-a-primavera-janette-oke","status":"publish","type":"product","link":"https:\/\/www.livrariarema.com.br\/loja\/produtos\/livros\/romance\/serie-oeste-canadense-2-quando-chega-a-primavera-janette-oke\/","title":{"rendered":"S\u00e9rie Oeste Canadense 2 &#8211; Quando Chega A Primavera &#8211; Janette Oke"},"content":{"rendered":"<p>O casamento era tudo o que ela sonhara &#8211; e ent\u00e3o&#8230; <br \/>\nDepois de um ano ensinando em uma escola na fronteira ocidental, Elizabeth planeja seu casamento com Wynn Delaney, um membro da Real Pol\u00edcia Montada do Canad\u00e1. Quando eles come\u00e7am sua nova vida juntos em seu posto isolado no extremo Norte, Elizabeth n\u00e3o est\u00e1 preparada para a solid\u00e3o que sente e os rigores da vida sem nenhuma das conveni\u00eancias a que est\u00e1 acostumada. Seu profundo amor por Wynn e sua f\u00e9 em Deus parecem ser tudo o que ela tem. Mas, isso ser\u00e1 suficiente?<\/p>\n","protected":false},"excerpt":{"rendered":"<p>O casamento era tudo o que ela sonhara &#8211; e ent\u00e3o&#8230; Depois de um ano ensinando em uma escola na&hellip;<\/p>\n","protected":false},"featured_media":320523,"comment_status":"open","ping_status":"closed","template":"","meta":[],"product_cat":[134,182],"product_tag":[],"_links":{"self":[{"href":"https:\/\/www.livrariarema.com.br\/loja\/wp-json\/wp\/v2\/product\/292425"}],"collection":[{"href":"https:\/\/www.livrariarema.com.br\/loja\/wp-json\/wp\/v2\/product"}],"about":[{"href":"https:\/\/www.livrariarema.com.br\/loja\/wp-json\/wp\/v2\/types\/product"}],"replies":[{"embeddable":true,"href":"https:\/\/www.livrariarema.com.br\/loja\/wp-json\/wp\/v2\/comments?post=292425"}],"wp:featuredmedia":[{"embeddable":true,"href":"https:\/\/www.livrariarema.com.br\/loja\/wp-json\/wp\/v2\/media\/320523"}],"wp:attachment":[{"href":"https:\/\/www.livrariarema.com.br\/loja\/wp-json\/wp\/v2\/media?parent=292425"}],"wp:term":[{"taxonomy":"product_cat","embeddable":true,"href":"https:\/\/www.livrariarema.com.br\/loja\/wp-json\/wp\/v2\/product_cat?post=292425"},{"taxonomy":"product_tag","embeddable":true,"href":"https:\/\/www.livrariarema.com.br\/loja\/wp-json\/wp\/v2\/product_tag?post=292425"}],"curies":[{"name":"wp","href":"https:\/\/api.w.org\/{rel}","templated":true}]}}