{"id":292460,"date":"2024-04-19T08:26:35","date_gmt":"2024-04-19T11:26:35","guid":{"rendered":"https:\/\/www.livrariarema.com.br\/loja\/produtos\/sem%20categoria\/reino-de-aequalis-tania-gonzales\/"},"modified":"2024-07-16T17:01:29","modified_gmt":"2024-07-16T20:01:29","slug":"reino-de-aequalis-tania-gonzales","status":"publish","type":"product","link":"https:\/\/www.livrariarema.com.br\/loja\/produtos\/livros\/ficcao\/reino-de-aequalis-tania-gonzales\/","title":{"rendered":"Reino De Aequalis &#8211; T\u00e2nia Gonzales"},"content":{"rendered":"<p>Ser\u00e1 que voc\u00ea consegue imaginar um lugar cheio de \u00e1rvores, flores, lagos, bosques&#8230; Florestas incr\u00edveis, que encantam os olhos dos mortais e pal\u00e1cios magn\u00edficos localizados nos quatro cantos do reino, para que a amada fam\u00edlia real possa participar da vida de seu povo e zelar pelo bem estar de todos? Ser\u00e1 que voc\u00ea consegue imaginar um lugar onde as pessoas s\u00e3o felizes porque vivem em um reino de justi\u00e7a, paz e perfeita harmonia?<br \/>\nVoc\u00ea consegue imaginar um lugar onde todos t\u00eam casas para morar, alimento em abund\u00e2ncia e amam o seu trabalho? Greves? N\u00e3o! Manifesta\u00e7\u00f5es contra o rei? De jeito nenhum!<br \/>\nUm lugar assim parece uma utopia, n\u00e3o \u00e9? Mas este lugar existe&#8230; Este lugar \u00e9 o &#8220;Reino de Aequalis&#8221;! Voc\u00ea n\u00e3o encontrar\u00e1 Aequalis em mapas e n\u00e3o saber\u00e1 quando tudo aconteceu&#8230; Ah, voc\u00ea gosta de datas, n\u00e3o \u00e9? Perdoe-me, mas n\u00e3o as ter\u00e1, mas a partir de agora voc\u00ea conhecer\u00e1 os habitantes deste reino, especialmente a fam\u00edlia real e os &#8220;diferentes&#8221;&#8230;<br \/>\nE ent\u00e3o poder\u00e1 dizer se o &#8220;Reino de Aequalis&#8221; \u00e9 realmente um reino de justi\u00e7a, paz e harmonia.<\/p>\n","protected":false},"excerpt":{"rendered":"<p>Ser\u00e1 que voc\u00ea consegue imaginar um lugar cheio de \u00e1rvores, flores, lagos, bosques&#8230; Florestas incr\u00edveis, que encantam os olhos dos&hellip;<\/p>\n","protected":false},"featured_media":306437,"comment_status":"open","ping_status":"closed","template":"","meta":[],"product_cat":[162,134],"product_tag":[],"_links":{"self":[{"href":"https:\/\/www.livrariarema.com.br\/loja\/wp-json\/wp\/v2\/product\/292460"}],"collection":[{"href":"https:\/\/www.livrariarema.com.br\/loja\/wp-json\/wp\/v2\/product"}],"about":[{"href":"https:\/\/www.livrariarema.com.br\/loja\/wp-json\/wp\/v2\/types\/product"}],"replies":[{"embeddable":true,"href":"https:\/\/www.livrariarema.com.br\/loja\/wp-json\/wp\/v2\/comments?post=292460"}],"wp:featuredmedia":[{"embeddable":true,"href":"https:\/\/www.livrariarema.com.br\/loja\/wp-json\/wp\/v2\/media\/306437"}],"wp:attachment":[{"href":"https:\/\/www.livrariarema.com.br\/loja\/wp-json\/wp\/v2\/media?parent=292460"}],"wp:term":[{"taxonomy":"product_cat","embeddable":true,"href":"https:\/\/www.livrariarema.com.br\/loja\/wp-json\/wp\/v2\/product_cat?post=292460"},{"taxonomy":"product_tag","embeddable":true,"href":"https:\/\/www.livrariarema.com.br\/loja\/wp-json\/wp\/v2\/product_tag?post=292460"}],"curies":[{"name":"wp","href":"https:\/\/api.w.org\/{rel}","templated":true}]}}