{"id":294321,"date":"2024-04-30T10:57:35","date_gmt":"2024-04-30T13:57:35","guid":{"rendered":"https:\/\/www.livrariarema.com.br\/loja\/produtos\/sem categoria\/aprendendo-a-pensar-sobre-presentes-agnes-e-salem-de-bezenac\/"},"modified":"2026-02-07T11:22:40","modified_gmt":"2026-02-07T14:22:40","slug":"aprendendo-a-pensar-sobre-presentes-agnes-e-salem-de-bezenac","status":"publish","type":"product","link":"https:\/\/www.livrariarema.com.br\/loja\/produtos\/livros\/infantil\/aprendendo-a-pensar-sobre-presentes-agnes-e-salem-de-bezenac\/","title":{"rendered":"Aprendendo A Pensar Sobre&#8230;Presentes &#8211; Agnes E Salem De Bezenac"},"content":{"rendered":"<p>Bonzo quer dar presentes para toda a sua fam\u00edlia, mas sabe que o mais importante \u00e9 alegrar o cora\u00e7\u00e3o de Jesus, o verdadeiro aniversariante do Natal. Em Aprendendo a pensar sobre. Presentes, o simp\u00e1tico ursinho resolve oferecer a Jesus o seu amor e a sua devo\u00e7\u00e3o &#8211; e, junto com seus pais, irm\u00e3os e av\u00f3s, ele louva a Deus naquela noite especial.<\/p>\n","protected":false},"excerpt":{"rendered":"<p>Bonzo quer dar presentes para toda a sua fam\u00edlia, mas sabe que o mais importante \u00e9 alegrar o cora\u00e7\u00e3o de&hellip;<\/p>\n","protected":false},"featured_media":0,"comment_status":"open","ping_status":"closed","template":"","meta":[],"product_cat":[144,134],"product_tag":[],"_links":{"self":[{"href":"https:\/\/www.livrariarema.com.br\/loja\/wp-json\/wp\/v2\/product\/294321"}],"collection":[{"href":"https:\/\/www.livrariarema.com.br\/loja\/wp-json\/wp\/v2\/product"}],"about":[{"href":"https:\/\/www.livrariarema.com.br\/loja\/wp-json\/wp\/v2\/types\/product"}],"replies":[{"embeddable":true,"href":"https:\/\/www.livrariarema.com.br\/loja\/wp-json\/wp\/v2\/comments?post=294321"}],"wp:attachment":[{"href":"https:\/\/www.livrariarema.com.br\/loja\/wp-json\/wp\/v2\/media?parent=294321"}],"wp:term":[{"taxonomy":"product_cat","embeddable":true,"href":"https:\/\/www.livrariarema.com.br\/loja\/wp-json\/wp\/v2\/product_cat?post=294321"},{"taxonomy":"product_tag","embeddable":true,"href":"https:\/\/www.livrariarema.com.br\/loja\/wp-json\/wp\/v2\/product_tag?post=294321"}],"curies":[{"name":"wp","href":"https:\/\/api.w.org\/{rel}","templated":true}]}}