{"id":294322,"date":"2024-04-30T10:57:41","date_gmt":"2024-04-30T13:57:41","guid":{"rendered":"https:\/\/www.livrariarema.com.br\/loja\/produtos\/sem categoria\/aprendendo-a-pensar-sobre-trabalho-em-equipe-agnes-e-salem-de-bezenac\/"},"modified":"2026-02-07T11:22:50","modified_gmt":"2026-02-07T14:22:50","slug":"aprendendo-a-pensar-sobre-trabalho-em-equipe-agnes-e-salem-de-bezenac","status":"publish","type":"product","link":"https:\/\/www.livrariarema.com.br\/loja\/produtos\/livros\/infantil\/aprendendo-a-pensar-sobre-trabalho-em-equipe-agnes-e-salem-de-bezenac\/","title":{"rendered":"Aprendendo A Pensar Sobre&#8230;Trabalho Em Equipe &#8211; Agnes E Salem De Bezenac"},"content":{"rendered":"<p>Bonzo e Beto s\u00e3o grandes amigos. Mas, como todas as pessoas, t\u00eam gostos e interesses diferentes. Aprendendo a pensar sobre. Trabalho em equipe \u00e9 uma divertida aventura em que eles deixam para tr\u00e1s as vontades pessoais e percebem que qualquer brincadeira ou atividades fica muito melhor quando \u00e9 compartilhada.<\/p>\n","protected":false},"excerpt":{"rendered":"<p>Bonzo e Beto s\u00e3o grandes amigos. Mas, como todas as pessoas, t\u00eam gostos e interesses diferentes. Aprendendo a pensar sobre.&hellip;<\/p>\n","protected":false},"featured_media":0,"comment_status":"open","ping_status":"closed","template":"","meta":[],"product_cat":[144,134],"product_tag":[],"_links":{"self":[{"href":"https:\/\/www.livrariarema.com.br\/loja\/wp-json\/wp\/v2\/product\/294322"}],"collection":[{"href":"https:\/\/www.livrariarema.com.br\/loja\/wp-json\/wp\/v2\/product"}],"about":[{"href":"https:\/\/www.livrariarema.com.br\/loja\/wp-json\/wp\/v2\/types\/product"}],"replies":[{"embeddable":true,"href":"https:\/\/www.livrariarema.com.br\/loja\/wp-json\/wp\/v2\/comments?post=294322"}],"wp:attachment":[{"href":"https:\/\/www.livrariarema.com.br\/loja\/wp-json\/wp\/v2\/media?parent=294322"}],"wp:term":[{"taxonomy":"product_cat","embeddable":true,"href":"https:\/\/www.livrariarema.com.br\/loja\/wp-json\/wp\/v2\/product_cat?post=294322"},{"taxonomy":"product_tag","embeddable":true,"href":"https:\/\/www.livrariarema.com.br\/loja\/wp-json\/wp\/v2\/product_tag?post=294322"}],"curies":[{"name":"wp","href":"https:\/\/api.w.org\/{rel}","templated":true}]}}