{"id":294425,"date":"2024-04-30T15:56:11","date_gmt":"2024-04-30T18:56:11","guid":{"rendered":"https:\/\/www.livrariarema.com.br\/loja\/produtos\/sem categoria\/biblia-leitura-perfeita-acf-letra-grande-com-fechamento-em-tira-verde\/"},"modified":"2026-02-24T12:22:36","modified_gmt":"2026-02-24T15:22:36","slug":"biblia-leitura-perfeita-acf-letra-grande-com-fechamento-em-tira-verde","status":"publish","type":"product","link":"https:\/\/www.livrariarema.com.br\/loja\/produtos\/biblias\/revista-corrigida-fiel\/biblia-leitura-perfeita-acf-letra-grande-com-fechamento-em-tira-verde\/","title":{"rendered":"B\u00edblia Leitura Perfeita &#8211; Acf &#8211; Letra Grande &#8211; Com Fechamento Em Tira &#8211; Verde"},"content":{"rendered":"<p>Essa B\u00edblia ACF \u00e9 para aqueles que preferem uma linguagem mais tradicional ao ler a Palavra. Nesta tradu\u00e7\u00e3o mais formal, cada texto \u00e9 uma lembran\u00e7a: aquelas caixinhas de vers\u00edculos da casa dos nossos av\u00f4s, a b\u00edblia que nossos pais usavam durante nossa inf\u00e2ncia e tantas outras mem\u00f3rias boas!<br \/>\nA capa em \u00e9 courosoft (PU) e traz ser grande diferencial, que \u00e9 o fechamento em tira. Al\u00e9m disso, est\u00e1 dispon\u00edvel na cor verde, trazendo modernidade e beleza ao design.<\/p>\n<p>A linguagem dessa b\u00edblia \u00e9 a Almeida Corrigida Fiel (ACF) conhecida por ser uma tradu\u00e7\u00e3o cl\u00e1ssica que preserva toda a tradi\u00e7\u00e3o de Jo\u00e3o Ferreira de Almeida. Com base nisso, foram usados os melhores avan\u00e7os em tipografia para desenvolver a Fonte Leitura Perfeita, que \u00e9 exclusivo da Thomas Nelson e reflete esse rico legado de ter um texto fiel aos originais, autoritativo e embasado nos manuscritos mais confi\u00e1veis. O resultado \u00e9 uma letra exclusiva, clara e leg\u00edvel em qualquer tamanho.<\/p>\n","protected":false},"excerpt":{"rendered":"<p>Essa B\u00edblia ACF \u00e9 para aqueles que preferem uma linguagem mais tradicional ao ler a Palavra. Nesta tradu\u00e7\u00e3o mais formal,&hellip;<\/p>\n","protected":false},"featured_media":345303,"comment_status":"open","ping_status":"closed","template":"","meta":[],"product_cat":[139,212],"product_tag":[],"_links":{"self":[{"href":"https:\/\/www.livrariarema.com.br\/loja\/wp-json\/wp\/v2\/product\/294425"}],"collection":[{"href":"https:\/\/www.livrariarema.com.br\/loja\/wp-json\/wp\/v2\/product"}],"about":[{"href":"https:\/\/www.livrariarema.com.br\/loja\/wp-json\/wp\/v2\/types\/product"}],"replies":[{"embeddable":true,"href":"https:\/\/www.livrariarema.com.br\/loja\/wp-json\/wp\/v2\/comments?post=294425"}],"wp:featuredmedia":[{"embeddable":true,"href":"https:\/\/www.livrariarema.com.br\/loja\/wp-json\/wp\/v2\/media\/345303"}],"wp:attachment":[{"href":"https:\/\/www.livrariarema.com.br\/loja\/wp-json\/wp\/v2\/media?parent=294425"}],"wp:term":[{"taxonomy":"product_cat","embeddable":true,"href":"https:\/\/www.livrariarema.com.br\/loja\/wp-json\/wp\/v2\/product_cat?post=294425"},{"taxonomy":"product_tag","embeddable":true,"href":"https:\/\/www.livrariarema.com.br\/loja\/wp-json\/wp\/v2\/product_tag?post=294425"}],"curies":[{"name":"wp","href":"https:\/\/api.w.org\/{rel}","templated":true}]}}