{"id":295434,"date":"2024-05-07T16:23:06","date_gmt":"2024-05-07T19:23:06","guid":{"rendered":"https:\/\/www.livrariarema.com.br\/loja\/produtos\/sem categoria\/ntlh40-biblia-mission-semente\/"},"modified":"2026-04-18T12:30:44","modified_gmt":"2026-04-18T15:30:44","slug":"ntlh40-biblia-mission-semente","status":"publish","type":"product","link":"https:\/\/www.livrariarema.com.br\/loja\/produtos\/biblias\/ntlh\/ntlh40-biblia-mission-semente\/","title":{"rendered":"Ntlh40 &#8211; B\u00edblia Mission &#8211; Semente"},"content":{"rendered":"<p>Esta edi\u00e7\u00e3o especial foi idealizada para ser usada como ferramenta principal da campanha Mude o Brasil pela B\u00edblia. Inspirada no Salmo 33.12 (Feliz a Na\u00e7\u00e3o que tem o SENHOR como seu Deus), a campanha visa mobilizar as igrejas crist\u00e3s em um grande trabalho de evangeliza\u00e7\u00e3o, a fim de conscientizar e orientar a popula\u00e7\u00e3o brasileira sobre como ter uma vida crist\u00e3 em sociedade. A edi\u00e7\u00e3o cont\u00e9m uma sele\u00e7\u00e3o de vers\u00edculos sobre 15 valores-chave, fundamentais para a fam\u00edlia, para a Igreja e para o Pa\u00eds. S\u00e3o eles: Amor, Educa\u00e7\u00e3o, Esperan\u00e7a, F\u00e9 e confian\u00e7a, Honestidade, Humildade, Integridade, Justi\u00e7a, Paz, Perd\u00e3o, Sabedoria e prud\u00eancia, Solidariedade, Trabalho, Uni\u00e3o e Verdade. Para cada um desses valores, h\u00e1 a indica\u00e7\u00e3o de um grupo de textos b\u00edblicos. Ao refletir sobre esses textos, o leitor ter\u00e1 a oportunidade de conhecer ou revisitar li\u00e7\u00f5es simples, que podem mudar a sua vida e o seu relacionamento com Deus e com o pr\u00f3ximo.<\/p>\n","protected":false},"excerpt":{"rendered":"<p>Esta edi\u00e7\u00e3o especial foi idealizada para ser usada como ferramenta principal da campanha Mude o Brasil pela B\u00edblia. Inspirada no&hellip;<\/p>\n","protected":false},"featured_media":332711,"comment_status":"open","ping_status":"closed","template":"","meta":[],"product_cat":[139,188],"product_tag":[],"_links":{"self":[{"href":"https:\/\/www.livrariarema.com.br\/loja\/wp-json\/wp\/v2\/product\/295434"}],"collection":[{"href":"https:\/\/www.livrariarema.com.br\/loja\/wp-json\/wp\/v2\/product"}],"about":[{"href":"https:\/\/www.livrariarema.com.br\/loja\/wp-json\/wp\/v2\/types\/product"}],"replies":[{"embeddable":true,"href":"https:\/\/www.livrariarema.com.br\/loja\/wp-json\/wp\/v2\/comments?post=295434"}],"wp:featuredmedia":[{"embeddable":true,"href":"https:\/\/www.livrariarema.com.br\/loja\/wp-json\/wp\/v2\/media\/332711"}],"wp:attachment":[{"href":"https:\/\/www.livrariarema.com.br\/loja\/wp-json\/wp\/v2\/media?parent=295434"}],"wp:term":[{"taxonomy":"product_cat","embeddable":true,"href":"https:\/\/www.livrariarema.com.br\/loja\/wp-json\/wp\/v2\/product_cat?post=295434"},{"taxonomy":"product_tag","embeddable":true,"href":"https:\/\/www.livrariarema.com.br\/loja\/wp-json\/wp\/v2\/product_tag?post=295434"}],"curies":[{"name":"wp","href":"https:\/\/api.w.org\/{rel}","templated":true}]}}