{"id":297852,"date":"2024-05-16T11:02:21","date_gmt":"2024-05-16T14:02:21","guid":{"rendered":"https:\/\/www.livrariarema.com.br\/loja\/produtos\/sem categoria\/dadiva-mais-preciosa-a-jim-stovall\/"},"modified":"2026-04-18T12:30:32","modified_gmt":"2026-04-18T15:30:32","slug":"dadiva-mais-preciosa-a-jim-stovall","status":"publish","type":"product","link":"https:\/\/www.livrariarema.com.br\/loja\/produtos\/livros\/juvenil\/dadiva-mais-preciosa-a-jim-stovall\/","title":{"rendered":"D\u00e1diva Mais Preciosa, A &#8211; Jim Stovall"},"content":{"rendered":"<p>Conhe\u00e7a a hist\u00f3ria de Jason Stevens, um rapaz que herdou uma fortuna. Chamados para a leitura do testamento, um a um, os herdeiros v\u00e3o recebendo sua parte. Quando enfim chega a vez de Jason, ocorre algo totalmente inesperado. Para ficar com o que lhe coube na heran\u00e7a, ele deve cumprir doze tarefas. O leitor est\u00e1 convidado a acompanh\u00e1-lo nessa jornada.<\/p>\n","protected":false},"excerpt":{"rendered":"<p>Conhe\u00e7a a hist\u00f3ria de Jason Stevens, um rapaz que herdou uma fortuna. Chamados para a leitura do testamento, um a&hellip;<\/p>\n","protected":false},"featured_media":341565,"comment_status":"open","ping_status":"closed","template":"","meta":[],"product_cat":[184,134],"product_tag":[],"_links":{"self":[{"href":"https:\/\/www.livrariarema.com.br\/loja\/wp-json\/wp\/v2\/product\/297852"}],"collection":[{"href":"https:\/\/www.livrariarema.com.br\/loja\/wp-json\/wp\/v2\/product"}],"about":[{"href":"https:\/\/www.livrariarema.com.br\/loja\/wp-json\/wp\/v2\/types\/product"}],"replies":[{"embeddable":true,"href":"https:\/\/www.livrariarema.com.br\/loja\/wp-json\/wp\/v2\/comments?post=297852"}],"wp:featuredmedia":[{"embeddable":true,"href":"https:\/\/www.livrariarema.com.br\/loja\/wp-json\/wp\/v2\/media\/341565"}],"wp:attachment":[{"href":"https:\/\/www.livrariarema.com.br\/loja\/wp-json\/wp\/v2\/media?parent=297852"}],"wp:term":[{"taxonomy":"product_cat","embeddable":true,"href":"https:\/\/www.livrariarema.com.br\/loja\/wp-json\/wp\/v2\/product_cat?post=297852"},{"taxonomy":"product_tag","embeddable":true,"href":"https:\/\/www.livrariarema.com.br\/loja\/wp-json\/wp\/v2\/product_tag?post=297852"}],"curies":[{"name":"wp","href":"https:\/\/api.w.org\/{rel}","templated":true}]}}