{"id":298359,"date":"2024-05-20T09:54:05","date_gmt":"2024-05-20T12:54:05","guid":{"rendered":"https:\/\/www.livrariarema.com.br\/loja\/produtos\/sem%20categoria\/resolucao-de-todo-homem-a-stephen-kendrick\/"},"modified":"2026-02-23T15:41:36","modified_gmt":"2026-02-23T18:41:36","slug":"resolucao-de-todo-homem-a-stephen-kendrick","status":"publish","type":"product","link":"https:\/\/www.livrariarema.com.br\/loja\/produtos\/livros\/homem\/resolucao-de-todo-homem-a-stephen-kendrick\/","title":{"rendered":"Resolu\u00e7\u00e3o De Todo Homem, A &#8211; Stephen Kendrick"},"content":{"rendered":"<p>A Resolu\u00e7\u00e3o de todo Homem \u00e9 um livro inspirador, escrito por Stephen e Alex Kendrick, autores do best-seller &#8220;O Desa&#64257;o de Amar&#8221; do aclamado &#64257;lme &#8220;Prova de Fogo&#8221;. <br \/>\nLivro baseado na hist\u00f3ria do filme Corajosos. <br \/>\nUm homem n\u00e3o deve ser indiferente ao que diz a Palavra de Deus, acreditando somente em sua &#64257;delidade, um homem deve ver com olhos espirituais, reconhecendo que suas gera\u00e7\u00f5es futuras ser\u00e3o diretamente afetadas por suas decis\u00f5es di\u00e1rias.<br \/>\n Ele deve ir al\u00e9m de falhas cometidas no passado para viver o presente, se tornando, assim, um homem comprometido com Deus, com a fam\u00edlia e com a Igreja. <br \/>\nA hist\u00f3ria desa&#64257;a homens de todas as idades a se reconciliarem com o passado e se re-engajarem no presente, passando a assumir corajosamente sua responsabilidade total como l\u00edderes de seus lares, e assim, a avan\u00e7ar rumo ao futuro de forma clara e ousada. A Resolu\u00e7\u00e3o de todo Homem alerta os pais para a in&#64258;u\u00eancia que t\u00eam sobre seus &#64257;lhos na sociedade, tratando do comprometimento que devem ter perante os prop\u00f3sitos de Deus.<\/p>\n","protected":false},"excerpt":{"rendered":"<p>A Resolu\u00e7\u00e3o de todo Homem \u00e9 um livro inspirador, escrito por Stephen e Alex Kendrick, autores do best-seller &#8220;O Desa&#64257;o&hellip;<\/p>\n","protected":false},"featured_media":345169,"comment_status":"open","ping_status":"closed","template":"","meta":[],"product_cat":[152,134],"product_tag":[],"_links":{"self":[{"href":"https:\/\/www.livrariarema.com.br\/loja\/wp-json\/wp\/v2\/product\/298359"}],"collection":[{"href":"https:\/\/www.livrariarema.com.br\/loja\/wp-json\/wp\/v2\/product"}],"about":[{"href":"https:\/\/www.livrariarema.com.br\/loja\/wp-json\/wp\/v2\/types\/product"}],"replies":[{"embeddable":true,"href":"https:\/\/www.livrariarema.com.br\/loja\/wp-json\/wp\/v2\/comments?post=298359"}],"wp:featuredmedia":[{"embeddable":true,"href":"https:\/\/www.livrariarema.com.br\/loja\/wp-json\/wp\/v2\/media\/345169"}],"wp:attachment":[{"href":"https:\/\/www.livrariarema.com.br\/loja\/wp-json\/wp\/v2\/media?parent=298359"}],"wp:term":[{"taxonomy":"product_cat","embeddable":true,"href":"https:\/\/www.livrariarema.com.br\/loja\/wp-json\/wp\/v2\/product_cat?post=298359"},{"taxonomy":"product_tag","embeddable":true,"href":"https:\/\/www.livrariarema.com.br\/loja\/wp-json\/wp\/v2\/product_tag?post=298359"}],"curies":[{"name":"wp","href":"https:\/\/api.w.org\/{rel}","templated":true}]}}