{"id":298542,"date":"2024-05-21T13:10:42","date_gmt":"2024-05-21T16:10:42","guid":{"rendered":"https:\/\/www.livrariarema.com.br\/loja\/produtos\/sem%20categoria\/introducao-ao-novo-testamento-2a-ed-revisada-d-a-carson-e-douglas-j-moo\/"},"modified":"2026-02-20T12:55:53","modified_gmt":"2026-02-20T15:55:53","slug":"introducao-ao-novo-testamento-2a-ed-revisada-d-a-carson-e-douglas-j-moo","status":"publish","type":"product","link":"https:\/\/www.livrariarema.com.br\/loja\/produtos\/livros\/filosofia\/introducao-ao-novo-testamento-2a-ed-revisada-d-a-carson-e-douglas-j-moo\/","title":{"rendered":"Introdu\u00e7\u00e3o Ao Novo Testamento &#8211; 2\u00aa Ed. Revisada &#8211; D. A. Carson E Douglas J. Moo"},"content":{"rendered":"<p>Estudar o Novo Testamento nunca foi t\u00e3o rico e prazeroso<\/p>\n<p>Quem se disp\u00f5e a estudar o Novo Testamento deseja ter, acima de tudo, um conhecimento mais profundo da Palavra de Deus. Afinal, estamos falando da se\u00e7\u00e3o mais lida e mais estudada das Escrituras.<\/p>\n<p>Mas por onde come\u00e7ar? Pelas quest\u00f5es hist\u00f3ricas, como autoria, data, fontes, prop\u00f3sito, destinat\u00e1rio, ou pelas formas liter\u00e1rias, cr\u00edtica da ret\u00f3rica e paralelos hist\u00f3ricos? Introdu\u00e7\u00e3o ao Novo Testamento oferece uma sa\u00edda estrat\u00e9gica: concentra-se no que \u00e9 denominado &#8220;introdu\u00e7\u00e3o especial&#8221;, ou seja, foca as quest\u00f5es hist\u00f3ricas sem desprezar a import\u00e2ncia das demais quest\u00f5es para o estudo do Novo Testamento.<\/p>\n<p>Uma obra altamente aclamada, agora revisada e ampliada, torna-se ainda mais valiosa. Um novo cap\u00edtulo traz uma pesquisa hist\u00f3rica que examina o m\u00e9todo de estudo da B\u00edblia atrav\u00e9s dos tempos. O cap\u00edtulo sobre Paulo foi ampliado, incluindo uma an\u00e1lise dos debates sobre a &#8220;nova perspectiva&#8221;. O debate a respeito das ep\u00edstolas do Novo Testamento tamb\u00e9m foi ampliado ganhando, portanto, um cap\u00edtulo \u00e0 parte.<\/p>\n<p>O estudioso do Novo Testamento encontrar\u00e1 nesta obra uma ajuda de inestim\u00e1vel valor para suas pesquisas acad\u00eamicas. Livro a livro, o leitor ser\u00e1 conduzido a uma an\u00e1lise segura, clara e equilibrada.<\/p>\n","protected":false},"excerpt":{"rendered":"<p>Estudar o Novo Testamento nunca foi t\u00e3o rico e prazeroso Quem se disp\u00f5e a estudar o Novo Testamento deseja ter,&hellip;<\/p>\n","protected":false},"featured_media":344947,"comment_status":"open","ping_status":"closed","template":"","meta":[],"product_cat":[201,134],"product_tag":[],"_links":{"self":[{"href":"https:\/\/www.livrariarema.com.br\/loja\/wp-json\/wp\/v2\/product\/298542"}],"collection":[{"href":"https:\/\/www.livrariarema.com.br\/loja\/wp-json\/wp\/v2\/product"}],"about":[{"href":"https:\/\/www.livrariarema.com.br\/loja\/wp-json\/wp\/v2\/types\/product"}],"replies":[{"embeddable":true,"href":"https:\/\/www.livrariarema.com.br\/loja\/wp-json\/wp\/v2\/comments?post=298542"}],"wp:featuredmedia":[{"embeddable":true,"href":"https:\/\/www.livrariarema.com.br\/loja\/wp-json\/wp\/v2\/media\/344947"}],"wp:attachment":[{"href":"https:\/\/www.livrariarema.com.br\/loja\/wp-json\/wp\/v2\/media?parent=298542"}],"wp:term":[{"taxonomy":"product_cat","embeddable":true,"href":"https:\/\/www.livrariarema.com.br\/loja\/wp-json\/wp\/v2\/product_cat?post=298542"},{"taxonomy":"product_tag","embeddable":true,"href":"https:\/\/www.livrariarema.com.br\/loja\/wp-json\/wp\/v2\/product_tag?post=298542"}],"curies":[{"name":"wp","href":"https:\/\/api.w.org\/{rel}","templated":true}]}}