{"id":298548,"date":"2024-05-21T13:13:22","date_gmt":"2024-05-21T16:13:22","guid":{"rendered":"https:\/\/www.livrariarema.com.br\/loja\/produtos\/sem categoria\/galatas-a-carta-da-liberdade-crista-merrill-c-tenney\/"},"modified":"2026-02-20T12:56:08","modified_gmt":"2026-02-20T15:56:08","slug":"galatas-a-carta-da-liberdade-crista-merrill-c-tenney","status":"publish","type":"product","link":"https:\/\/www.livrariarema.com.br\/loja\/produtos\/promocao\/livros-promocao\/galatas-a-carta-da-liberdade-crista-merrill-c-tenney\/","title":{"rendered":"G\u00e1latas: A Carta Da Liberdade Crist\u00e3 &#8211; Merrill C. Tenney"},"content":{"rendered":"<p>Um coment\u00e1rio de um livro espec\u00edfico da B\u00edblia normalmente emprega um dos v\u00e1rios m\u00e9todos poss\u00edveis de estudo. Mas neste envolvente estudo da Carta aos G\u00e1latas, Merrill C. Tenney fornece ao leitor uma an\u00e1lise concisa e compreensiva ao dedicar para cada cap\u00edtulo um dos dez m\u00e9todos do estudo b\u00edblico:<\/p>\n<p>Sint\u00e9tico, cr\u00edtico, biogr\u00e1fico, hist\u00f3rico, teol\u00f3gico, ret\u00f3rico, t\u00f3pico, anal\u00edtico, comparativo e devocional.<\/p>\n<p>A inclus\u00e3o desses m\u00e9todos em um \u00fanico volume torna este coment\u00e1rio um material rico e empolgante para o estudo de G\u00e1latas, al\u00e9m de ser uma base para o estudo de outros livros da B\u00edblia.<\/p>\n","protected":false},"excerpt":{"rendered":"<p>Um coment\u00e1rio de um livro espec\u00edfico da B\u00edblia normalmente emprega um dos v\u00e1rios m\u00e9todos poss\u00edveis de estudo. Mas neste envolvente&hellip;<\/p>\n","protected":false},"featured_media":344949,"comment_status":"open","ping_status":"closed","template":"","meta":[],"product_cat":[143,142],"product_tag":[],"_links":{"self":[{"href":"https:\/\/www.livrariarema.com.br\/loja\/wp-json\/wp\/v2\/product\/298548"}],"collection":[{"href":"https:\/\/www.livrariarema.com.br\/loja\/wp-json\/wp\/v2\/product"}],"about":[{"href":"https:\/\/www.livrariarema.com.br\/loja\/wp-json\/wp\/v2\/types\/product"}],"replies":[{"embeddable":true,"href":"https:\/\/www.livrariarema.com.br\/loja\/wp-json\/wp\/v2\/comments?post=298548"}],"wp:featuredmedia":[{"embeddable":true,"href":"https:\/\/www.livrariarema.com.br\/loja\/wp-json\/wp\/v2\/media\/344949"}],"wp:attachment":[{"href":"https:\/\/www.livrariarema.com.br\/loja\/wp-json\/wp\/v2\/media?parent=298548"}],"wp:term":[{"taxonomy":"product_cat","embeddable":true,"href":"https:\/\/www.livrariarema.com.br\/loja\/wp-json\/wp\/v2\/product_cat?post=298548"},{"taxonomy":"product_tag","embeddable":true,"href":"https:\/\/www.livrariarema.com.br\/loja\/wp-json\/wp\/v2\/product_tag?post=298548"}],"curies":[{"name":"wp","href":"https:\/\/api.w.org\/{rel}","templated":true}]}}