{"id":299205,"date":"2024-05-24T13:39:10","date_gmt":"2024-05-24T16:39:10","guid":{"rendered":"https:\/\/www.livrariarema.com.br\/loja\/produtos\/sem categoria\/licoes-especiais-licao-2-o-fruto-do-espirito-e-amor\/"},"modified":"2024-08-21T10:24:37","modified_gmt":"2024-08-21T13:24:37","slug":"licoes-especiais-licao-2-o-fruto-do-espirito-e-amor","status":"publish","type":"product","link":"https:\/\/www.livrariarema.com.br\/loja\/produtos\/diversos\/flanelografo-e-cartazes\/licoes-especiais-licao-2-o-fruto-do-espirito-e-amor\/","title":{"rendered":"Li\u00e7\u00f5es Especiais &#8211; Li\u00e7\u00e3o 2: O Fruto Do Esp\u00edrito \u00c9&#8230; Amor"},"content":{"rendered":"<p>Hist\u00f3ria de Junior, menino briguento e ego\u00edsta, que quer ser sempre o n\u00famero um, at\u00e9 entender que precisava deixar Jesus controlar sua vida.<br \/>\n&gt;&gt; S\u00e3o 8 figuras, al\u00e9m de atividades para a classe e ideia de trabalho manual.<br \/>\nExtra: Di\u00e1logo para Fantoches: O amor floresce (Izidora B. de Oliveira)<br \/>\nIdeias Luminosas: Amor. Dobradura Fruto do Esp\u00edrito Amor: Passo a passo para montar um cart\u00e3o com uma ma\u00e7a (Sara Sung)<\/p>\n","protected":false},"excerpt":{"rendered":"<p>Hist\u00f3ria de Junior, menino briguento e ego\u00edsta, que quer ser sempre o n\u00famero um, at\u00e9 entender que precisava deixar Jesus&hellip;<\/p>\n","protected":false},"featured_media":299378,"comment_status":"open","ping_status":"closed","template":"","meta":[],"product_cat":[132,133],"product_tag":[],"_links":{"self":[{"href":"https:\/\/www.livrariarema.com.br\/loja\/wp-json\/wp\/v2\/product\/299205"}],"collection":[{"href":"https:\/\/www.livrariarema.com.br\/loja\/wp-json\/wp\/v2\/product"}],"about":[{"href":"https:\/\/www.livrariarema.com.br\/loja\/wp-json\/wp\/v2\/types\/product"}],"replies":[{"embeddable":true,"href":"https:\/\/www.livrariarema.com.br\/loja\/wp-json\/wp\/v2\/comments?post=299205"}],"wp:featuredmedia":[{"embeddable":true,"href":"https:\/\/www.livrariarema.com.br\/loja\/wp-json\/wp\/v2\/media\/299378"}],"wp:attachment":[{"href":"https:\/\/www.livrariarema.com.br\/loja\/wp-json\/wp\/v2\/media?parent=299205"}],"wp:term":[{"taxonomy":"product_cat","embeddable":true,"href":"https:\/\/www.livrariarema.com.br\/loja\/wp-json\/wp\/v2\/product_cat?post=299205"},{"taxonomy":"product_tag","embeddable":true,"href":"https:\/\/www.livrariarema.com.br\/loja\/wp-json\/wp\/v2\/product_tag?post=299205"}],"curies":[{"name":"wp","href":"https:\/\/api.w.org\/{rel}","templated":true}]}}