{"id":301398,"date":"2024-06-10T09:59:17","date_gmt":"2024-06-10T12:59:17","guid":{"rendered":"https:\/\/www.livrariarema.com.br\/loja\/produtos\/sem categoria\/minha-maletinha-minha-primeira-biblia\/"},"modified":"2026-02-26T14:10:51","modified_gmt":"2026-02-26T17:10:51","slug":"minha-maletinha-minha-primeira-biblia","status":"publish","type":"product","link":"https:\/\/www.livrariarema.com.br\/loja\/produtos\/livros\/infantil\/minha-maletinha-minha-primeira-biblia\/","title":{"rendered":"Minha Maletinha &#8211; Minha Primeira B\u00edblia"},"content":{"rendered":"<p>Minha Primeira B\u00edblia cont\u00e9m bel\u00edssimas hist\u00f3rias ilustradas com vers\u00edculos selecionados, que proporcionam \u00e0 crian\u00e7a conhecimento desde a cria\u00e7\u00e3o do mundo at\u00e9 a \u00e9poca de Jesus, despertando nela a f\u00e9 e um singelo desejo de conhecer e confiar no amor de Deus.<\/p>\n","protected":false},"excerpt":{"rendered":"<p>Minha Primeira B\u00edblia cont\u00e9m bel\u00edssimas hist\u00f3rias ilustradas com vers\u00edculos selecionados, que proporcionam \u00e0 crian\u00e7a conhecimento desde a cria\u00e7\u00e3o do mundo&hellip;<\/p>\n","protected":false},"featured_media":345542,"comment_status":"open","ping_status":"closed","template":"","meta":[],"product_cat":[144,134],"product_tag":[],"_links":{"self":[{"href":"https:\/\/www.livrariarema.com.br\/loja\/wp-json\/wp\/v2\/product\/301398"}],"collection":[{"href":"https:\/\/www.livrariarema.com.br\/loja\/wp-json\/wp\/v2\/product"}],"about":[{"href":"https:\/\/www.livrariarema.com.br\/loja\/wp-json\/wp\/v2\/types\/product"}],"replies":[{"embeddable":true,"href":"https:\/\/www.livrariarema.com.br\/loja\/wp-json\/wp\/v2\/comments?post=301398"}],"wp:featuredmedia":[{"embeddable":true,"href":"https:\/\/www.livrariarema.com.br\/loja\/wp-json\/wp\/v2\/media\/345542"}],"wp:attachment":[{"href":"https:\/\/www.livrariarema.com.br\/loja\/wp-json\/wp\/v2\/media?parent=301398"}],"wp:term":[{"taxonomy":"product_cat","embeddable":true,"href":"https:\/\/www.livrariarema.com.br\/loja\/wp-json\/wp\/v2\/product_cat?post=301398"},{"taxonomy":"product_tag","embeddable":true,"href":"https:\/\/www.livrariarema.com.br\/loja\/wp-json\/wp\/v2\/product_tag?post=301398"}],"curies":[{"name":"wp","href":"https:\/\/api.w.org\/{rel}","templated":true}]}}