{"id":302911,"date":"2024-06-20T11:23:49","date_gmt":"2024-06-20T14:23:49","guid":{"rendered":"https:\/\/www.livrariarema.com.br\/loja\/produtos\/sem%20categoria\/vem-senhor-jesus-um-estudo-sobre-a-segunda-vinda-de-cristo-john-piper\/"},"modified":"2026-03-16T13:28:31","modified_gmt":"2026-03-16T16:28:31","slug":"vem-senhor-jesus-um-estudo-sobre-a-segunda-vinda-de-cristo-john-piper","status":"publish","type":"product","link":"https:\/\/www.livrariarema.com.br\/loja\/produtos\/livros\/apologetica\/vem-senhor-jesus-um-estudo-sobre-a-segunda-vinda-de-cristo-john-piper\/","title":{"rendered":"Vem Senhor Jesus! Um Estudo Sobre A Segunda Vinda De Cristo &#8211; John Piper"},"content":{"rendered":"<p>O autor best-seller John Piper examina a teologia do fim dos tempos e o mandamento das Escrituras para amar a segunda vinda de Cristo<br \/>\nO seu cora\u00e7\u00e3o est\u00e1 preparado para a segunda vinda de Cristo? Muitas pessoas ficam curiosas a respeito do retorno de Cristo &#8211; como ser\u00e1, quando acontecer\u00e1 e que sinais ocorrer\u00e3o primeiro. Nesta obra, John Piper aborda todas essas perguntas, mas enfatiza que s\u00e3o apenas os que amam a segunda vinda de Cristo que receber\u00e3o uma coroa de justi\u00e7a (2 TM 4:6-8). Com um foco especial nos ensinos de Jesus, Paulo e Pedro, Vem, Senhor Jesus! retrata tanto a gl\u00f3ria do Salvador que se manifestou quanto a glorifica\u00e7\u00e3o dos santos que ressuscitar\u00e3o.<\/p>\n<p>Essencial, Escatologia que Exalta Cristo: Piper guia os crist\u00e3os a examinar se anseiam pela apari\u00e7\u00e3o de Cristo, e o que este evento significar\u00e1 para crist\u00e3os, n\u00e3o-crist\u00e3os e para o pr\u00f3prio Cristo.<br \/>\nExegese Cuidadosa: Piper presta uma aten\u00e7\u00e3o pr\u00f3xima e precisa \u00e0s palavras das Escrituras, especialmente com a vis\u00e3o de mostrar como Jesus e Paulo estavam alinhados sobre a segunda vinda.<br \/>\nPr\u00e1tico: Os \u00faltimos 5 cap\u00edtulos s\u00e3o dedicados a como os crist\u00e3os devem viver nesta era entre a primeira e a segunda vinda de Cristo.<br \/>\nA segunda vinda de Jesus desperta os sentimentos mais variados. Variados tam- b\u00e9m s\u00e3o os posicionamentos teol\u00f3gicos sobre o tema, de maneira que, em meio ao povo, de um modo geral, vigoram d\u00favidas e curiosidades principalmente em rela\u00e7\u00e3o a quando e como ela acontecer\u00e1. Certamente, muito j\u00e1 se tem escrito, para o melhor ou para o pior, a respeito do assunto. Por\u00e9m, em Vem, Senhor Jesus!, John Piper nos conduz em outra dire\u00e7\u00e3o, desafiando-nos numa \u00e1rea pouco explorada: o amor e o desejo pelo retorno de nosso Rei. Piper desfila diante de n\u00f3s quest\u00f5es pouco discutidas, como: &#8220;Qual \u00e9 a import\u00e2ncia de amar a volta de Cristo?&#8221;, &#8220;O que esse amor revela sobre nosso relacionamento com Jesus?&#8221;, &#8220;Por que amar a volta de Cristo nos mant\u00e9m firmes na jornada?&#8221; e assim por diante. N\u00e3o se trata de um livro para matar curiosidades ou definir posi\u00e7\u00f5es escatol\u00f3gicas. \u00c9, antes, um apelo pas- toral profundo, b\u00edblico e apaixonado para que deixemos o Esp\u00edrito renovar nosso amor por Cristo e pela manifesta\u00e7\u00e3o de sua gl\u00f3ria no seu retorno &#8211; um apelo mais que necess\u00e1rio nestes tempos dif\u00edceis, em que a sedu\u00e7\u00e3o do presente s\u00e9culo tem nublado o desejo de muitos crist\u00e3os pelo retorno do Senhor.<br \/>\nMaur\u00edcio Andrade, pastor na Primeira Igreja Batista B\u00edblica do Rio de Janeiro; professor no Semin\u00e1rio Martin Bucer<\/p>\n<p>De todos os livros de John Piper, este pode ser aquele cuja publica\u00e7\u00e3o me causa mais alegria. Em nosso compromisso com a centralidade do Evangelho, temos de achar meios de celebrar mais plena e regularmente a grande consuma\u00e7\u00e3o dos prop\u00f3sitos redentores de Deus. E este livro nos ajuda a fazer isso. Piper considera e responde proveitosamente muitas de nossas perguntas sobre a segunda vinda, mas a grande contribui\u00e7\u00e3o deste livro \u00e9 que ele instiga nosso cora\u00e7\u00e3o com a verdade da Palavra de Deus. Ao fazer isso, Piper fortalece nosso anseio e nossa alegria \u00e0 medida que espe- ramos aquele Dia em que Cristo vir\u00e1 em toda a sua gl\u00f3ria. Ora, vem, Senhor Jesus!<br \/>\nMike Bullmore, pastor s\u00eanior na CrossWay Community Church em Bristol, no estado norte-americano de Wisconsin<\/p>\n<p>A esperan\u00e7a produzida pelas Escrituras alimenta a expectativa do grande (re)encon- tro com a pessoa de Jesus Cristo. A riqueza desse momento revela-se em seus desdobramentos infind\u00e1veis. Em outras palavras, quando o assunto \u00e9 a volta de Jesus Cristo, h\u00e1 muito o que meditar. Diante da complexidade envolvida nesse evento, \u00e9 bom ter a companhia orientadora de um cora\u00e7\u00e3o pastoral experiente como o de John Piper. N\u00e3o tenho d\u00favidas de que a obra que voc\u00ea tem em m\u00e3os ser\u00e1 instrumento de grande consolo e \u00e2nimo, pois ela guiar\u00e1 seu olhar na dire\u00e7\u00e3o certa &#8211; o encontro.<br \/>\nR\u00f4mulo Monteiro, pastor na Primeira Igreja Batista de Aquiraz (Cear\u00e1); diretor do Instituto de Teologia Semear (Aquiraz, CE)<\/p>\n<p>Esta n\u00e3o \u00e9 uma obra apenas para quem gosta da escatologia, mas sim para aqueles que amam a segunda vinda de Cristo. John Piper re\u00fane a luz da Palavra sobre o retorno do Senhor Jesus com o fogo de que precisamos em nossos cora\u00e7\u00f5es para desejarmos o Dia glorioso do nosso Senhor. Obrigado \u00e0 Editora Fiel por trazer este precioso livro para nossa l\u00edngua.<br \/>\nAnt\u00f4nio Neto, pastor na Igreja Batista Calv\u00e1rio (Pinhais, PR); professor na Escola Charles Spurgeon<\/p>\n<p>Leitores n\u00e3o deveriam negligenciar este livro importante sobre a segunda vinda do Senhor Jesus e os \u00faltimos tempos. Somos estimulados a amar a manifesta\u00e7\u00e3o de Jesus e a viver agora \u00e0 luz do \u00faltimo Dia, \u00e0 luz do retorno do Rei. Certamente, h\u00e1 discord\u00e2ncias sobre os tempos finais, mas ningu\u00e9m ser\u00e1 capaz de contestar que Piper argumenta cuidadosa e amplamente com base nas Escrituras. Constatei que este livro \u00e9 uma fonte de vigor para a mente e o cora\u00e7\u00e3o, um livro repleto de sabedoria pr\u00e1tica e b\u00edblica.<br \/>\nThomas Schreiner, professor no Southern Baptist Theological Seminary<\/p>\n<p>Nesta obra, John Piper antecipa as nossas perguntas sobre as \u00faltimas coisas, esclarece e aprimora essas perguntas e d\u00e1 respostas confi\u00e1veis baseadas nas Escrituras. Mais do que isso, Piper inflama nosso anelo pela volta de Jesus. Essa \u00e9 uma escatologia crist\u00e3 verdadeiramente &#8220;hedonista&#8221;: robustamente b\u00edblica, radicalmente esperan\u00e7osa e implacavelmente focada em nosso gozo eterno do glorioso Deus trino.<br \/>\nStephen Witmer, pastor principal na Pepperell Christian Fellowship em Pepperell, no estado norte-americano de Massachusetts<\/p>\n","protected":false},"excerpt":{"rendered":"<p>O autor best-seller John Piper examina a teologia do fim dos tempos e o mandamento das Escrituras para amar a&hellip;<\/p>\n","protected":false},"featured_media":346303,"comment_status":"open","ping_status":"closed","template":"","meta":[],"product_cat":[156,134],"product_tag":[],"_links":{"self":[{"href":"https:\/\/www.livrariarema.com.br\/loja\/wp-json\/wp\/v2\/product\/302911"}],"collection":[{"href":"https:\/\/www.livrariarema.com.br\/loja\/wp-json\/wp\/v2\/product"}],"about":[{"href":"https:\/\/www.livrariarema.com.br\/loja\/wp-json\/wp\/v2\/types\/product"}],"replies":[{"embeddable":true,"href":"https:\/\/www.livrariarema.com.br\/loja\/wp-json\/wp\/v2\/comments?post=302911"}],"wp:featuredmedia":[{"embeddable":true,"href":"https:\/\/www.livrariarema.com.br\/loja\/wp-json\/wp\/v2\/media\/346303"}],"wp:attachment":[{"href":"https:\/\/www.livrariarema.com.br\/loja\/wp-json\/wp\/v2\/media?parent=302911"}],"wp:term":[{"taxonomy":"product_cat","embeddable":true,"href":"https:\/\/www.livrariarema.com.br\/loja\/wp-json\/wp\/v2\/product_cat?post=302911"},{"taxonomy":"product_tag","embeddable":true,"href":"https:\/\/www.livrariarema.com.br\/loja\/wp-json\/wp\/v2\/product_tag?post=302911"}],"curies":[{"name":"wp","href":"https:\/\/api.w.org\/{rel}","templated":true}]}}