{"id":303423,"date":"2024-06-24T15:29:55","date_gmt":"2024-06-24T18:29:55","guid":{"rendered":"https:\/\/www.livrariarema.com.br\/loja\/produtos\/sem categoria\/cinco-linguagens-do-amor-as-gary-chapman-2\/"},"modified":"2026-04-01T14:32:11","modified_gmt":"2026-04-01T17:32:11","slug":"cinco-linguagens-do-amor-as-gary-chapman-2","status":"publish","type":"product","link":"https:\/\/www.livrariarema.com.br\/loja\/produtos\/livros\/casamento\/cinco-linguagens-do-amor-as-gary-chapman-2\/","title":{"rendered":"Cinco Linguagens Do Amor, As &#8211; Gary Chapman"},"content":{"rendered":"<p>As diferen\u00e7as gritantes no jeito de ser e de agir de homens e mulheres j\u00e1 n\u00e3o s\u00e3o novidade h\u00e1 tempos. O que continua sendo um dilema \u00e9 como fazer dar certo uma rela\u00e7\u00e3o entre duas pessoas que \u00e0s vezes parecem ter vindo de planetas distintos. Compreender essas diferen\u00e7as \u00e9 parte da solu\u00e7\u00e3o e \u00e9 nisso que Gary Chapman vai ajudar voc\u00ea.<\/p>\n<p>Com mais de 30 anos de experi\u00eancia no aconselhamento de casais, ele percebeu que cada um de n\u00f3s adota uma linguagem pela qual damos e recebemos amor. Quando o casal n\u00e3o entende corretamente a linguagem predominante de cada um, a comunica\u00e7\u00e3o \u00e9 afetada, impedindo que se sintam amados, aceitos e valorizados.<\/p>\n<p>Nesta terceira edi\u00e7\u00e3o de sua cl\u00e1ssica obra sobre relacionamentos, que j\u00e1 vendeu mais de 8 milh\u00f5es de exemplares, Gary Chapman n\u00e3o s\u00f3 explica as cinco linguagens como apresenta um question\u00e1rio para os maridos e outro para as esposas descobrirem a sua linguagem de amor. Al\u00e9m disso, uma se\u00e7\u00e3o especial de perguntas e respostas vai esclarecer todas as suas d\u00favidas e lhe dar o direcionamento sobre como expressar melhor seu amor a seu c\u00f4njuge e ajudar\u00e1 voc\u00ea a compreender a forma dele manifestar o amor.<\/p>\n<p>Gary Chapman identificou cinco formas atrav\u00e9s das quais as pessoas expressam e recebem as manifesta\u00e7\u00f5es de amor:<\/p>\n<p>&#8211; palavras de afirma\u00e7\u00e3o<br \/>\n&#8211; tempo de qualidade<br \/>\n&#8211; presentes<br \/>\n&#8211; atos de servi\u00e7o<br \/>\n&#8211; toque f\u00edsico<\/p>\n<p>Aprendam, voc\u00ea e seu c\u00f4njuge, a se comunicar atrav\u00e9s dessas linguagens e experimentem como \u00e9 ser realmente amado e compreendido.<\/p>\n","protected":false},"excerpt":{"rendered":"<p>As diferen\u00e7as gritantes no jeito de ser e de agir de homens e mulheres j\u00e1 n\u00e3o s\u00e3o novidade h\u00e1 tempos.&hellip;<\/p>\n","protected":false},"featured_media":344302,"comment_status":"open","ping_status":"closed","template":"","meta":[],"product_cat":[155,134],"product_tag":[],"_links":{"self":[{"href":"https:\/\/www.livrariarema.com.br\/loja\/wp-json\/wp\/v2\/product\/303423"}],"collection":[{"href":"https:\/\/www.livrariarema.com.br\/loja\/wp-json\/wp\/v2\/product"}],"about":[{"href":"https:\/\/www.livrariarema.com.br\/loja\/wp-json\/wp\/v2\/types\/product"}],"replies":[{"embeddable":true,"href":"https:\/\/www.livrariarema.com.br\/loja\/wp-json\/wp\/v2\/comments?post=303423"}],"wp:featuredmedia":[{"embeddable":true,"href":"https:\/\/www.livrariarema.com.br\/loja\/wp-json\/wp\/v2\/media\/344302"}],"wp:attachment":[{"href":"https:\/\/www.livrariarema.com.br\/loja\/wp-json\/wp\/v2\/media?parent=303423"}],"wp:term":[{"taxonomy":"product_cat","embeddable":true,"href":"https:\/\/www.livrariarema.com.br\/loja\/wp-json\/wp\/v2\/product_cat?post=303423"},{"taxonomy":"product_tag","embeddable":true,"href":"https:\/\/www.livrariarema.com.br\/loja\/wp-json\/wp\/v2\/product_tag?post=303423"}],"curies":[{"name":"wp","href":"https:\/\/api.w.org\/{rel}","templated":true}]}}