{"id":303512,"date":"2024-06-25T15:07:16","date_gmt":"2024-06-25T18:07:16","guid":{"rendered":"https:\/\/www.livrariarema.com.br\/loja\/produtos\/sem%20categoria\/biblia-bible-journaling-nvi-leitura-perfeita-courosoft-marrom-com-baixo-relev-falei-com-amor\/"},"modified":"2026-01-07T11:40:25","modified_gmt":"2026-01-07T14:40:25","slug":"biblia-bible-journaling-nvi-leitura-perfeita-courosoft-marrom-com-baixo-relev-falei-com-amor","status":"publish","type":"product","link":"https:\/\/www.livrariarema.com.br\/loja\/produtos\/biblias\/nvi\/biblia-bible-journaling-nvi-leitura-perfeita-courosoft-marrom-com-baixo-relev-falei-com-amor\/","title":{"rendered":"B\u00edblia Bible Journaling &#8211; Nvi &#8211; Leitura Perfeita &#8211; Courosoft Marrom Com Baixo Relev &#8211; Falei Com Amor"},"content":{"rendered":"<p>A B\u00edblia com espa\u00e7o para anota\u00e7\u00f5es ideal para o seu Bible Journaling<\/p>\n<p>Criar com e para o grande Criador &#8211; esse \u00e9 o objetivo do Bible Journaling, uma pr\u00e1tica de leitura b\u00edblica que incentiva os crist\u00e3os a interagirem com o texto das Escrituras atrav\u00e9s de desenhos, letterings, colagens e muita imagina\u00e7\u00e3o. N\u00e3o \u00e9 necess\u00e1rio ser artista, seguir regras ou adquirir materiais especiais e caros, basta representar, de forma criativa, as imagens e conceitos-chave que surgem de seu devocional.<br \/>\nA B\u00edblia Sagrada Bible Journaling foi criada pensando em todos que querem come\u00e7ar ou j\u00e1 fazem anota\u00e7\u00f5es criativas em sua leitura b\u00edblica. Ela re\u00fane as melhores caracter\u00edsticas para que voc\u00ea interaja com o texto sem se preocupar com borr\u00f5es.<\/p>\n<p>* Texto b\u00edblico em coluna \u00fanica:para que voc\u00ea sublinhe seus vers\u00edculos \u00e0 vontade!<br \/>\n* Espa\u00e7o para anota\u00e7\u00e3o sem pautas: ideal para desenhos, letterings ou anota\u00e7\u00f5es de estudo.<br \/>\n* Papel amarelado 40grs.: a melhor gramatura do mercado!<br \/>\n* Aberturas de livros espa\u00e7ados: com muito espa\u00e7o livre para voc\u00ea soltar sua criatividade!<br \/>\n* Miolo em duas cores: trazendo delicadeza e eleg\u00e2ncia ao design.<br \/>\n* Nova Vers\u00e3o Internacional: conhecida por ser uma vers\u00e3o acess\u00edvel, fiel e contempor\u00e2nea.<br \/>\n* Fonte Leitura Perfeita: uma tipografia exclusiva que oferece uma leitura confort\u00e1vel em qualquer tamanho.<\/p>\n<p>Essa B\u00edblia \u00e9 assinada pelo Falei com Amor, um minist\u00e9rio online criado pela G\u00e1bi Sauthier que tem como miss\u00e3o incentivar as pessoas a se aproximarem de Cristo. O Bible Journaling ajudou a G\u00e1bi a conhecer mais a Deus, e hoje ela compartilha sua jornada espiritual em diversas redes &#8211; al\u00e9m de muitas dicas sobre como anotar o texto b\u00edblico criativamente!<\/p>\n","protected":false},"excerpt":{"rendered":"<p>A B\u00edblia com espa\u00e7o para anota\u00e7\u00f5es ideal para o seu Bible Journaling Criar com e para o grande Criador &#8211;&hellip;<\/p>\n","protected":false},"featured_media":342015,"comment_status":"open","ping_status":"closed","template":"","meta":[],"product_cat":[139,166],"product_tag":[],"_links":{"self":[{"href":"https:\/\/www.livrariarema.com.br\/loja\/wp-json\/wp\/v2\/product\/303512"}],"collection":[{"href":"https:\/\/www.livrariarema.com.br\/loja\/wp-json\/wp\/v2\/product"}],"about":[{"href":"https:\/\/www.livrariarema.com.br\/loja\/wp-json\/wp\/v2\/types\/product"}],"replies":[{"embeddable":true,"href":"https:\/\/www.livrariarema.com.br\/loja\/wp-json\/wp\/v2\/comments?post=303512"}],"wp:featuredmedia":[{"embeddable":true,"href":"https:\/\/www.livrariarema.com.br\/loja\/wp-json\/wp\/v2\/media\/342015"}],"wp:attachment":[{"href":"https:\/\/www.livrariarema.com.br\/loja\/wp-json\/wp\/v2\/media?parent=303512"}],"wp:term":[{"taxonomy":"product_cat","embeddable":true,"href":"https:\/\/www.livrariarema.com.br\/loja\/wp-json\/wp\/v2\/product_cat?post=303512"},{"taxonomy":"product_tag","embeddable":true,"href":"https:\/\/www.livrariarema.com.br\/loja\/wp-json\/wp\/v2\/product_tag?post=303512"}],"curies":[{"name":"wp","href":"https:\/\/api.w.org\/{rel}","templated":true}]}}