{"id":303532,"date":"2024-06-25T15:10:08","date_gmt":"2024-06-25T18:10:08","guid":{"rendered":"https:\/\/www.livrariarema.com.br\/loja\/produtos\/sem categoria\/despertar-da-lideranca-do-deserto-a-promessa-flavio-valvassoura\/"},"modified":"2026-02-24T14:01:27","modified_gmt":"2026-02-24T17:01:27","slug":"despertar-da-lideranca-do-deserto-a-promessa-flavio-valvassoura","status":"publish","type":"product","link":"https:\/\/www.livrariarema.com.br\/loja\/produtos\/livros\/lideranca\/despertar-da-lideranca-do-deserto-a-promessa-flavio-valvassoura\/","title":{"rendered":"Despertar Da Lideran\u00e7a &#8211; Do Deserto \u00c0 Promessa &#8211; Flavio Valvassoura"},"content":{"rendered":"<p>VEN\u00c7A O DESERTO E ALCANCE AS PROMESSAS DE DEUS PARA SUA VIDA<\/p>\n<p>Passar uma temporada no deserto nos parece assustador. Calor escaldante de dia, frio de noite, ventanias que levantam areia, aridez, sede, medo, solid\u00e3o, sofrimento &#8211; todas essas sensa\u00e7\u00f5es parecem estar diretamente relacionadas a esse local in\u00f3spito. O despertar da lideran\u00e7a vem nos apresentar outra perspectiva sobre o deserto: um lugar de oportunidades de crescimento, aprendizado, transforma\u00e7\u00e3o pessoal e forma\u00e7\u00e3o de car\u00e1ter.<\/p>\n<p>Flavio Valvassoura apresenta hist\u00f3rias de l\u00edderes da B\u00edblia que foram convidados e convocados por Deus a passar pelo deserto. Abra\u00e3o, Jos\u00e9, Mois\u00e9s, Elias, Paulo e at\u00e9 Jesus est\u00e3o entre as figuras que estiveram nesse lugar. O exemplo deixado por eles e por tantos outros citados pelo autor nos ensina que, no deserto, s\u00e3o despertadas virtudes indispens\u00e1veis para um l\u00edder exponencial, destacado, diferenciado e influente.<\/p>\n<p>Com linguagem clara e acess\u00edvel, esta obra necess\u00e1ria \u00e9 um convite para compreendermos o deserto como um lugar de passagem que revela nosso prop\u00f3sito, renova nossa mentalidade, nos encoraja a seguir de m\u00e3os dadas com Deus e nos conduz \u00e0 descoberta de um caminho para alcan\u00e7armos a promessa de uma lideran\u00e7a influente e inspiradora.<\/p>\n","protected":false},"excerpt":{"rendered":"<p>VEN\u00c7A O DESERTO E ALCANCE AS PROMESSAS DE DEUS PARA SUA VIDA Passar uma temporada no deserto nos parece assustador.&hellip;<\/p>\n","protected":false},"featured_media":345372,"comment_status":"open","ping_status":"closed","template":"","meta":[],"product_cat":[153,134],"product_tag":[],"_links":{"self":[{"href":"https:\/\/www.livrariarema.com.br\/loja\/wp-json\/wp\/v2\/product\/303532"}],"collection":[{"href":"https:\/\/www.livrariarema.com.br\/loja\/wp-json\/wp\/v2\/product"}],"about":[{"href":"https:\/\/www.livrariarema.com.br\/loja\/wp-json\/wp\/v2\/types\/product"}],"replies":[{"embeddable":true,"href":"https:\/\/www.livrariarema.com.br\/loja\/wp-json\/wp\/v2\/comments?post=303532"}],"wp:featuredmedia":[{"embeddable":true,"href":"https:\/\/www.livrariarema.com.br\/loja\/wp-json\/wp\/v2\/media\/345372"}],"wp:attachment":[{"href":"https:\/\/www.livrariarema.com.br\/loja\/wp-json\/wp\/v2\/media?parent=303532"}],"wp:term":[{"taxonomy":"product_cat","embeddable":true,"href":"https:\/\/www.livrariarema.com.br\/loja\/wp-json\/wp\/v2\/product_cat?post=303532"},{"taxonomy":"product_tag","embeddable":true,"href":"https:\/\/www.livrariarema.com.br\/loja\/wp-json\/wp\/v2\/product_tag?post=303532"}],"curies":[{"name":"wp","href":"https:\/\/api.w.org\/{rel}","templated":true}]}}