{"id":304927,"date":"2024-07-04T11:25:13","date_gmt":"2024-07-04T14:25:13","guid":{"rendered":"https:\/\/www.livrariarema.com.br\/loja\/produtos\/sem categoria\/alegria-no-sofrimento-matt-chandler\/"},"modified":"2024-10-09T08:56:28","modified_gmt":"2024-10-09T11:56:28","slug":"alegria-no-sofrimento-matt-chandler","status":"publish","type":"product","link":"https:\/\/www.livrariarema.com.br\/loja\/produtos\/livros\/vida-crista\/alegria-no-sofrimento-matt-chandler\/","title":{"rendered":"Alegria No Sofrimento &#8211; Matt Chandler"},"content":{"rendered":"<p>Ficamos imaginando como ser\u00e1 lidar com os dias de dor e sofrimento. Pensamos como ser\u00e1 oferecer ajuda \u00e0queles que est\u00e3o passando pelas afli\u00e7\u00f5es desta vida. Mas todos n\u00f3s temos uma pergunta em comum: como o sofrimento se encaixa no car\u00e1ter e nos prop\u00f3sitos de Deus?<\/p>\n<p>Sendo um jovem pastor, Matt Chandler sabia que precisava aprender a ajudar pessoas feridas e sofrendo. Dedicando-se ao estudo das Escrituras e aprendendo das suas ovelhas na Igreja Village Church que permaneceram alegres em meio ao sofrimento, ele pr\u00f3prio teve de p\u00f4r em pr\u00e1tica aquilo que aprendeu.<\/p>\n<p>Essa \u00e9 a emocionante hist\u00f3ria da luta de Matt, acometido de um tumor no c\u00e9rebro potencialmente fatal. Mas tamb\u00e9m \u00e9 a hist\u00f3ria daqueles que o ensinaram, e ainda ensinam, a caminhar com alegria na tristeza.<\/p>\n<p>Esse livro far\u00e1 voc\u00ea chorar, rir e louvar a Deus. Voc\u00ea entender\u00e1 como ser feliz mesmo nos dias de sofrimento, e ver\u00e1 como socorrer aqueles que estiverem passando por tempos dif\u00edceis.<\/p>\n<p>Sobre o autor:<br \/>\nMatt Chandler \u00e9 o pastor da mega igreja The Village Church, em Dallas, Texas, nos EUA, e presidente do minist\u00e9rio Atos 29. Ele \u00e9 casado com Lauren e pai de 3 filhos.<\/p>\n","protected":false},"excerpt":{"rendered":"<p>Ficamos imaginando como ser\u00e1 lidar com os dias de dor e sofrimento. Pensamos como ser\u00e1 oferecer ajuda \u00e0queles que est\u00e3o&hellip;<\/p>\n","protected":false},"featured_media":318614,"comment_status":"open","ping_status":"closed","template":"","meta":[],"product_cat":[134,137],"product_tag":[],"_links":{"self":[{"href":"https:\/\/www.livrariarema.com.br\/loja\/wp-json\/wp\/v2\/product\/304927"}],"collection":[{"href":"https:\/\/www.livrariarema.com.br\/loja\/wp-json\/wp\/v2\/product"}],"about":[{"href":"https:\/\/www.livrariarema.com.br\/loja\/wp-json\/wp\/v2\/types\/product"}],"replies":[{"embeddable":true,"href":"https:\/\/www.livrariarema.com.br\/loja\/wp-json\/wp\/v2\/comments?post=304927"}],"wp:featuredmedia":[{"embeddable":true,"href":"https:\/\/www.livrariarema.com.br\/loja\/wp-json\/wp\/v2\/media\/318614"}],"wp:attachment":[{"href":"https:\/\/www.livrariarema.com.br\/loja\/wp-json\/wp\/v2\/media?parent=304927"}],"wp:term":[{"taxonomy":"product_cat","embeddable":true,"href":"https:\/\/www.livrariarema.com.br\/loja\/wp-json\/wp\/v2\/product_cat?post=304927"},{"taxonomy":"product_tag","embeddable":true,"href":"https:\/\/www.livrariarema.com.br\/loja\/wp-json\/wp\/v2\/product_tag?post=304927"}],"curies":[{"name":"wp","href":"https:\/\/api.w.org\/{rel}","templated":true}]}}