{"id":304929,"date":"2024-07-04T11:25:20","date_gmt":"2024-07-04T14:25:20","guid":{"rendered":"https:\/\/www.livrariarema.com.br\/loja\/produtos\/sem%20categoria\/abolicao-da-sanidade-steve-turley\/"},"modified":"2025-03-12T09:02:09","modified_gmt":"2025-03-12T12:02:09","slug":"abolicao-da-sanidade-steve-turley","status":"publish","type":"product","link":"https:\/\/www.livrariarema.com.br\/loja\/produtos\/livros\/vida-crista\/abolicao-da-sanidade-steve-turley\/","title":{"rendered":"Aboli\u00e7\u00e3o Da Sanidade &#8211; Steve Turley"},"content":{"rendered":"<p>Por que parece que o mundo est\u00e1 se desintegrando?<\/p>\n<p>Para onde quer que olhemos, o mundo est\u00e1 mudando, e n\u00e3o \u00e9 para melhor. Transforma\u00e7\u00f5es pol\u00edticas e culturais t\u00eam sido t\u00e3o dram\u00e1ticas que muitos de n\u00f3s nem mesmo reconhecem mais a sociedade em que vivemos. Mas o que est\u00e1 acontecendo na realidade?<\/p>\n<p>Em sua obra-prima, &#8220;A Aboli\u00e7\u00e3o do Homem&#8221;, C.S. Lewis observa como o mundo moderno de fato tem mudado nossa concep\u00e7\u00e3o do que significa ser humano, pois sequestra a humanidade dos valores objetivos que nos tornam plenamente humanos. Ao focar nas reformas educacionais modernas, Lewis nota que ao inv\u00e9s do cultivo das virtudes, as pr\u00e1ticas educacionais modernas perpetuam uma vis\u00e3o de mundo mecanicista, norteada pelo controle cientificamente inspirado da natureza e, como segunda consequ\u00eancia, dos seres humanos.<\/p>\n<p>Neste livro perspicaz e provocador, voc\u00ea ver\u00e1 como C.S. Lewis nos convida a redescobrir a doutrina dos valores objetivos, a us\u00e1-la para desafiar nossos  pressupostos modernos e, assim, a redescobrir uma esperan\u00e7a para o verdadeiro florescimento humano nas gera\u00e7\u00f5es por vir.<\/p>\n","protected":false},"excerpt":{"rendered":"<p>Por que parece que o mundo est\u00e1 se desintegrando? Para onde quer que olhemos, o mundo est\u00e1 mudando, e n\u00e3o&hellip;<\/p>\n","protected":false},"featured_media":328103,"comment_status":"open","ping_status":"closed","template":"","meta":[],"product_cat":[134,137],"product_tag":[],"_links":{"self":[{"href":"https:\/\/www.livrariarema.com.br\/loja\/wp-json\/wp\/v2\/product\/304929"}],"collection":[{"href":"https:\/\/www.livrariarema.com.br\/loja\/wp-json\/wp\/v2\/product"}],"about":[{"href":"https:\/\/www.livrariarema.com.br\/loja\/wp-json\/wp\/v2\/types\/product"}],"replies":[{"embeddable":true,"href":"https:\/\/www.livrariarema.com.br\/loja\/wp-json\/wp\/v2\/comments?post=304929"}],"wp:featuredmedia":[{"embeddable":true,"href":"https:\/\/www.livrariarema.com.br\/loja\/wp-json\/wp\/v2\/media\/328103"}],"wp:attachment":[{"href":"https:\/\/www.livrariarema.com.br\/loja\/wp-json\/wp\/v2\/media?parent=304929"}],"wp:term":[{"taxonomy":"product_cat","embeddable":true,"href":"https:\/\/www.livrariarema.com.br\/loja\/wp-json\/wp\/v2\/product_cat?post=304929"},{"taxonomy":"product_tag","embeddable":true,"href":"https:\/\/www.livrariarema.com.br\/loja\/wp-json\/wp\/v2\/product_tag?post=304929"}],"curies":[{"name":"wp","href":"https:\/\/api.w.org\/{rel}","templated":true}]}}