{"id":305043,"date":"2024-07-04T17:27:05","date_gmt":"2024-07-04T20:27:05","guid":{"rendered":"https:\/\/www.livrariarema.com.br\/loja\/produtos\/sem%20categoria\/ensinando-com-serenidade-sarah-mackenzie\/"},"modified":"2026-01-30T14:21:40","modified_gmt":"2026-01-30T17:21:40","slug":"ensinando-com-serenidade-sarah-mackenzie","status":"publish","type":"product","link":"https:\/\/www.livrariarema.com.br\/loja\/produtos\/livros\/educacao-crista\/ensinando-com-serenidade-sarah-mackenzie\/","title":{"rendered":"Ensinando Com Serenidade &#8211; Sarah Mackenzie"},"content":{"rendered":"<p>Educando filhos com dilig\u00eancia e paz inabal\u00e1vel!<\/p>\n<p>A fam\u00edlia que decide praticar o ensino domiciliar toma essa decis\u00e3o tanto por amar seus filhos quanto por desejar oferecer uma educa\u00e7\u00e3o de excel\u00eancia no contexto de um lar caloroso e enriquecedor. Contudo, muitos pais (principalmente as m\u00e3es) que assumem este desafio acabam se encontrando em uma situa\u00e7\u00e3o de profundo estresse, preocupa\u00e7\u00e3o e ansiedade. Neste livro pr\u00e1tico, inspirador e embasado na f\u00e9 crist\u00e3, Sarah Mackenzie lida diretamente com essas quest\u00f5es, recorrendo aos seus pr\u00f3prios estudos em ensino com serenidade (schol\u00e9) e \u00e0 sua luta pessoal em oferecer uma educa\u00e7\u00e3o serena aos seus pr\u00f3prios filhos.<\/p>\n<p>&#8220;Em Ensinando com Serenidade, Sarah nos lembra de que jamais seremos capazes de oferecer a educa\u00e7\u00e3o perfeita aos nossos filhos. Assim, ao inv\u00e9s de sermos sufocados pelo peso das nossas v\u00e3s tentativas de perfei\u00e7\u00e3o, podemos arrancar o peso de nossos ombros cansados.&#8221;<br \/>\nJamie Martin, SimpleHomeschool.net, autora de Give Your Child the World<\/p>\n<p>&#8220;Ensinando com Serenidade \u00e9 um lembrete de que eu n\u00e3o estou no controle de nada, nem devo estar. Se confiarmos em Deus e n\u00e3o nos estribarmos em nosso pr\u00f3prio entendimento, tudo ficar\u00e1 bem. \u00c9 por isso que esse livro \u00e9 leitura obrigat\u00f3ria, ao menos uma vez por ano.&#8221;<br \/>\nPam Barnhill, EdSnapshots.com, autora de Plan Your Year<\/p>\n","protected":false},"excerpt":{"rendered":"<p>Educando filhos com dilig\u00eancia e paz inabal\u00e1vel! A fam\u00edlia que decide praticar o ensino domiciliar toma essa decis\u00e3o tanto por&hellip;<\/p>\n","protected":false},"featured_media":332144,"comment_status":"open","ping_status":"closed","template":"","meta":[],"product_cat":[169,134],"product_tag":[],"_links":{"self":[{"href":"https:\/\/www.livrariarema.com.br\/loja\/wp-json\/wp\/v2\/product\/305043"}],"collection":[{"href":"https:\/\/www.livrariarema.com.br\/loja\/wp-json\/wp\/v2\/product"}],"about":[{"href":"https:\/\/www.livrariarema.com.br\/loja\/wp-json\/wp\/v2\/types\/product"}],"replies":[{"embeddable":true,"href":"https:\/\/www.livrariarema.com.br\/loja\/wp-json\/wp\/v2\/comments?post=305043"}],"wp:featuredmedia":[{"embeddable":true,"href":"https:\/\/www.livrariarema.com.br\/loja\/wp-json\/wp\/v2\/media\/332144"}],"wp:attachment":[{"href":"https:\/\/www.livrariarema.com.br\/loja\/wp-json\/wp\/v2\/media?parent=305043"}],"wp:term":[{"taxonomy":"product_cat","embeddable":true,"href":"https:\/\/www.livrariarema.com.br\/loja\/wp-json\/wp\/v2\/product_cat?post=305043"},{"taxonomy":"product_tag","embeddable":true,"href":"https:\/\/www.livrariarema.com.br\/loja\/wp-json\/wp\/v2\/product_tag?post=305043"}],"curies":[{"name":"wp","href":"https:\/\/api.w.org\/{rel}","templated":true}]}}